{"id":980,"date":"2020-09-15T17:45:55","date_gmt":"2020-09-15T17:45:55","guid":{"rendered":"http:\/\/maralboran.eu\/musica\/?page_id=980"},"modified":"2020-10-21T17:47:31","modified_gmt":"2020-10-21T17:47:31","slug":"tema-la-antiguedad-grecia-y-roma","status":"publish","type":"page","link":"https:\/\/maralboran.eu\/musica\/tema-la-antiguedad-grecia-y-roma\/","title":{"rendered":"TEMA. LA ANTIG\u00dcEDAD. GRECIA Y ROMA"},"content":{"rendered":"\n<figure class=\"wp-block-image size-large\"><img loading=\"lazy\" decoding=\"async\" width=\"845\" height=\"350\" src=\"http:\/\/maralboran.eu\/musica\/wp-content\/uploads\/sites\/32\/2020\/09\/16370_Partenon.jpg\" alt=\"\" class=\"wp-image-981\" srcset=\"https:\/\/maralboran.eu\/musica\/wp-content\/uploads\/sites\/32\/2020\/09\/16370_Partenon.jpg 845w, https:\/\/maralboran.eu\/musica\/wp-content\/uploads\/sites\/32\/2020\/09\/16370_Partenon-300x124.jpg 300w, https:\/\/maralboran.eu\/musica\/wp-content\/uploads\/sites\/32\/2020\/09\/16370_Partenon-768x318.jpg 768w\" sizes=\"auto, (max-width: 845px) 100vw, 845px\" \/><\/figure>\n\n\n\n<h4><a href=\"http:\/\/maralboran.eu\/archivos\/dpto\/musica\/2eso\/temario2.2\/TEMA%20grecia.pdf\">PDF<\/a><\/h4>\n<h4><strong>\u00bfC\u00f3mo suena la m\u00fasica antigua?<\/strong><\/h4>\n<p>Pues no tenemos ni idea, porque la m\u00fasica como tal no nos ha llegado. A\u00fan no se escrib\u00edan partituras, y por supuesto, no la grababan en mp3.<\/p>\n<p>S\u00ed sabemos que el hombre y la m\u00fasica convivieron desde el principio. La cosa pudo empezar as\u00ed,<\/p>\n<p><strong><a href=\"https:\/\/youtu.be\/AcpufVWQReg\">\u00a1Dentro v\u00eddeo!<\/a><\/strong><\/p>\n<h4 style=\"text-align: left;\"><strong>\u00bfQu\u00e9 conocemos de la m\u00fasica antigua?<\/strong><\/h4>\n<h4 style=\"text-align: left;\"><strong><img decoding=\"async\" class=\"alignleft\" src=\"https:\/\/maralboran.eu\/wp-content\/uploads\/2020\/09\/grecia-instrumentos.jpg\" alt=\"La imagen tiene un atributo ALT vac\u00edo; su nombre de archivo es grecia-instrumentos.jpg\" \/><\/strong><\/h4>\n<ul>\n<li style=\"text-align: left;\">Sus instrumentos: aunque no nos han llegado muchos, s\u00ed los podemos ver representados en relieves, mosaicos, pinturas\u2026 Destacan la <strong><a href=\"https:\/\/www.youtube.com\/watch?v=JzKJNzL4eTI\">lira <\/a><\/strong>y el <a href=\"https:\/\/www.youtube.com\/watch?v=FzkPOn8S_B4\"><strong>aulos<\/strong>.<\/a><\/li>\n<li style=\"text-align: left;\">Su teor\u00eda musical: organizaban su m\u00fasica en torno a unas melod\u00edas a las que llamaban \u201c<strong>modos<\/strong>\u201d.<\/li>\n<li style=\"text-align: left;\">Conociendo sus instrumentos y sus melod\u00edas organizadas en modos, podemos imaginar c\u00f3mo sonar\u00eda la m\u00fasica, pero no lo sabemos con certeza.<\/li>\n<\/ul>\n<p>\u00a0<\/p>\n<h4><strong>Para curiosos: La m\u00fasica de las esferas<\/strong><\/h4>\n<p><img loading=\"lazy\" decoding=\"async\" class=\"alignright\" src=\"https:\/\/maralboran.eu\/wp-content\/uploads\/2020\/09\/descarga.jpg\" alt=\"La imagen tiene un atributo ALT vac\u00edo; su nombre de archivo es descarga.jpg\" width=\"359\" height=\"202\" \/>Los griegos pensaban que los astros del universo (planetas y estrellas) emit\u00edan en sus movimientos sonidos de armon\u00edas perfectas, la m\u00fasica de las esferas. Nuestra m\u00fasica imitaba los intervalos y armon\u00edas de los cuerpos celestes.<\/p>\n<p>Un poco raros estos griegos, \u00bfverdad?<\/p>\n<p>Pues lo sorprendente es que ten\u00edan raz\u00f3n. La NASA ha comprobado que los planetas y estrellas como el Sol emiten ondas sonoras. Estos sonidos no los puede captar el o\u00eddo humano, pero s\u00ed sus sofisticados sat\u00e9lites.<\/p>\n<p><strong><a href=\"https:\/\/www.youtube.com\/watch?v=54KDKhPAMUM\">\u00a1M\u00fasica maestro\u2026 digo\u2026 astros!<\/a><\/strong><\/p>\n<h4><strong>Para re\u00edrse: <\/strong><strong>Sobre m\u00fasica, martillos y yunque.<\/strong><\/h4>\n<p>Cuenta la leyenda que el fil\u00f3sofo Pit\u00e1goras, al pasar junto a una fragua, observ\u00f3 que el sonido del martillo variaba seg\u00fan el tama\u00f1o del yunque sobre le que golpeaba.\u00a0 Eso le dio la pista para descubrir los intervalos mel\u00f3dicos, es decir, la distancia entre las notas musicales.<\/p>\n<p><strong><a href=\"https:\/\/www.youtube.com\/watch?v=D8kovSwKDgI\">Tenemos la primicia, \u00a1dentro v\u00eddeo!<\/a><\/strong><\/p>\n\n\n\n<figure class=\"wp-block-image size-large\"><img loading=\"lazy\" decoding=\"async\" width=\"890\" height=\"500\" src=\"https:\/\/maralboran.eu\/musica\/wp-content\/uploads\/sites\/32\/2020\/09\/COOLTUR-Turisme-Cultural-forjador-1.jpg\" alt=\"\" class=\"wp-image-982\" srcset=\"https:\/\/maralboran.eu\/musica\/wp-content\/uploads\/sites\/32\/2020\/09\/COOLTUR-Turisme-Cultural-forjador-1.jpg 890w, https:\/\/maralboran.eu\/musica\/wp-content\/uploads\/sites\/32\/2020\/09\/COOLTUR-Turisme-Cultural-forjador-1-300x169.jpg 300w, https:\/\/maralboran.eu\/musica\/wp-content\/uploads\/sites\/32\/2020\/09\/COOLTUR-Turisme-Cultural-forjador-1-768x431.jpg 768w\" sizes=\"auto, (max-width: 890px) 100vw, 890px\" \/><\/figure>\n\n\n\n<hr \/>\n<ul>\n<li><strong><a href=\"https:\/\/maralboran.eu\/musica\/2018\/10\/06\/practica-2-0-curso-2o-tema-grecia-app-padlet\/\" data-wp-editing=\"1\"><img loading=\"lazy\" decoding=\"async\" class=\"alignnone\" src=\"https:\/\/i0.wp.com\/maralboran.eu\/musica\/wp-content\/uploads\/sites\/32\/2020\/09\/2.0.png?resize=59%2C44&amp;ssl=1\" alt=\"La imagen tiene un atributo ALT vac\u00edo; su nombre de archivo es 2.0.png\" width=\"40\" height=\"30\" \/>\u00a0 \u00a0PR\u00c1CTICA PADLET. CREAMOS LA LIBRETA DIGITAL<\/a><\/strong><\/li>\n<li><strong><a href=\"http:\/\/maralboran.eu\/musica\/practica-2-0-tema-grecia-app-thinklink\/\"><img loading=\"lazy\" decoding=\"async\" class=\"alignnone\" src=\"https:\/\/i0.wp.com\/maralboran.eu\/musica\/wp-content\/uploads\/sites\/32\/2020\/09\/2.0.png?resize=59%2C44&amp;ssl=1\" alt=\"La imagen tiene un atributo ALT vac\u00edo; su nombre de archivo es 2.0.png\" width=\"40\" height=\"30\" \/> \u00a0<\/a><\/strong><a href=\"https:\/\/maralboran.eu\/musica\/2018\/10\/06\/practica-2-0-curso-2o-tema-grecia-app-thinglink\/\"><strong>PR\u00c1CTICA\u00a0 <\/strong><strong>THINGLINK. INSTRUMENTOS DE GRECIA.<\/strong><\/a><\/li>\n<\/ul>\n","protected":false},"excerpt":{"rendered":"<p>PDF \u00bfC\u00f3mo suena la m\u00fasica antigua? Pues no tenemos ni idea, porque la m\u00fasica como tal no nos ha llegado. A\u00fan no se escrib\u00edan partituras, y por supuesto, no la&#46;&#46;&#46;<\/p>\n","protected":false},"author":1,"featured_media":981,"parent":0,"menu_order":0,"comment_status":"closed","ping_status":"closed","template":"","meta":{"_price":"","_stock":"","_tribe_ticket_header":"","_tribe_default_ticket_provider":"","_ticket_start_date":"","_ticket_end_date":"","_tribe_ticket_show_description":"","_tribe_ticket_show_not_going":false,"_tribe_ticket_use_global_stock":"","_tribe_ticket_global_stock_level":"","_global_stock_mode":"","_global_stock_cap":"","_tribe_rsvp_for_event":"","_tribe_ticket_going_count":"","_tribe_ticket_not_going_count":"","_tribe_tickets_list":"[]","_tribe_ticket_has_attendee_info_fields":false,"_kadence_starter_templates_imported_post":false,"footnotes":"","_tec_slr_enabled":"","_tec_slr_layout":""},"class_list":["post-980","page","type-page","status-publish","has-post-thumbnail","hentry"],"featured_image_src":"https:\/\/maralboran.eu\/musica\/wp-content\/uploads\/sites\/32\/2020\/09\/16370_Partenon.jpg","featured_image_src_square":"https:\/\/maralboran.eu\/musica\/wp-content\/uploads\/sites\/32\/2020\/09\/16370_Partenon.jpg","ticketed":false,"_links":{"self":[{"href":"https:\/\/maralboran.eu\/musica\/wp-json\/wp\/v2\/pages\/980","targetHints":{"allow":["GET"]}}],"collection":[{"href":"https:\/\/maralboran.eu\/musica\/wp-json\/wp\/v2\/pages"}],"about":[{"href":"https:\/\/maralboran.eu\/musica\/wp-json\/wp\/v2\/types\/page"}],"author":[{"embeddable":true,"href":"https:\/\/maralboran.eu\/musica\/wp-json\/wp\/v2\/users\/1"}],"replies":[{"embeddable":true,"href":"https:\/\/maralboran.eu\/musica\/wp-json\/wp\/v2\/comments?post=980"}],"version-history":[{"count":13,"href":"https:\/\/maralboran.eu\/musica\/wp-json\/wp\/v2\/pages\/980\/revisions"}],"predecessor-version":[{"id":1267,"href":"https:\/\/maralboran.eu\/musica\/wp-json\/wp\/v2\/pages\/980\/revisions\/1267"}],"wp:featuredmedia":[{"embeddable":true,"href":"https:\/\/maralboran.eu\/musica\/wp-json\/wp\/v2\/media\/981"}],"wp:attachment":[{"href":"https:\/\/maralboran.eu\/musica\/wp-json\/wp\/v2\/media?parent=980"}],"curies":[{"name":"wp","href":"https:\/\/api.w.org\/{rel}","templated":true}]}}