{"id":213,"date":"2017-08-15T17:14:47","date_gmt":"2017-08-15T17:14:47","guid":{"rendered":"http:\/\/maralboran.eu\/musica\/?page_id=213"},"modified":"2020-09-22T08:47:24","modified_gmt":"2020-09-22T08:47:24","slug":"miembros","status":"publish","type":"page","link":"https:\/\/maralboran.eu\/musica\/miembros\/","title":{"rendered":"Miembros"},"content":{"rendered":"<table style=\"height: 193px;\" width=\"593\">\n<tbody>\n<tr>\n<td style=\"width: 294.688px;\">\n<h3><span style=\"text-decoration: underline;\"><strong>Jefe del Departamento<\/strong><\/span><\/h3>\n<h4>Rub\u00e9n M. Molt\u00f3 S\u00e1nchez<\/h4>\n<\/td>\n<td style=\"width: 283.576px;\" rowspan=\"3\">\u00a0<img loading=\"lazy\" decoding=\"async\" class=\"wp-image-314 size-thumbnail aligncenter\" src=\"http:\/\/maralboran.eu\/matematicas\/wp-content\/uploads\/sites\/8\/2016\/06\/reacher-150x150.png\" alt=\"reacher\" width=\"150\" height=\"150\" \/><\/td>\n<\/tr>\n<tr>\n<td style=\"width: 294.688px;\">\n<h3><span style=\"text-decoration: underline;\"><strong>Profesor del Departamento<\/strong><\/span><\/h3>\n<h4>Antonio Rueda Castillo<\/h4>\n<\/td>\n<\/tr>\n<tr>\n<td style=\"width: 294.688px;\">\n<h3><span style=\"text-decoration: underline;\"><strong>Profesores colaboradores<\/strong><\/span><\/h3>\n<h4>Rosario Luque Torrej\u00f3n<\/h4>\n<h4>Jos\u00e9 Antonio Roca Mour\u00edn<\/h4>\n<h4><\/h4>\n<\/td>\n<\/tr>\n<\/tbody>\n<\/table>\n","protected":false},"excerpt":{"rendered":"<p>Jefe del Departamento Rub\u00e9n M. Molt\u00f3 S\u00e1nchez \u00a0 Profesor del Departamento Antonio Rueda Castillo Profesores colaboradores Rosario Luque Torrej\u00f3n Jos\u00e9 Antonio Roca Mour\u00edn<\/p>\n","protected":false},"author":1,"featured_media":0,"parent":0,"menu_order":0,"comment_status":"closed","ping_status":"closed","template":"","meta":{"_price":"","_stock":"","_tribe_ticket_header":"","_tribe_default_ticket_provider":"","_ticket_start_date":"","_ticket_end_date":"","_tribe_ticket_show_description":"","_tribe_ticket_show_not_going":false,"_tribe_ticket_use_global_stock":"","_tribe_ticket_global_stock_level":"","_global_stock_mode":"","_global_stock_cap":"","_tribe_rsvp_for_event":"","_tribe_ticket_going_count":"","_tribe_ticket_not_going_count":"","_tribe_tickets_list":"[]","_tribe_ticket_has_attendee_info_fields":false,"_kadence_starter_templates_imported_post":false,"footnotes":"","_tec_slr_enabled":"","_tec_slr_layout":""},"class_list":["post-213","page","type-page","status-publish","hentry"],"featured_image_src":null,"featured_image_src_square":null,"ticketed":false,"_links":{"self":[{"href":"https:\/\/maralboran.eu\/musica\/wp-json\/wp\/v2\/pages\/213","targetHints":{"allow":["GET"]}}],"collection":[{"href":"https:\/\/maralboran.eu\/musica\/wp-json\/wp\/v2\/pages"}],"about":[{"href":"https:\/\/maralboran.eu\/musica\/wp-json\/wp\/v2\/types\/page"}],"author":[{"embeddable":true,"href":"https:\/\/maralboran.eu\/musica\/wp-json\/wp\/v2\/users\/1"}],"replies":[{"embeddable":true,"href":"https:\/\/maralboran.eu\/musica\/wp-json\/wp\/v2\/comments?post=213"}],"version-history":[{"count":3,"href":"https:\/\/maralboran.eu\/musica\/wp-json\/wp\/v2\/pages\/213\/revisions"}],"predecessor-version":[{"id":1134,"href":"https:\/\/maralboran.eu\/musica\/wp-json\/wp\/v2\/pages\/213\/revisions\/1134"}],"wp:attachment":[{"href":"https:\/\/maralboran.eu\/musica\/wp-json\/wp\/v2\/media?parent=213"}],"curies":[{"name":"wp","href":"https:\/\/api.w.org\/{rel}","templated":true}]}}