{"id":468,"date":"2016-06-19T09:29:07","date_gmt":"2016-06-19T09:29:07","guid":{"rendered":"http:\/\/maralboran.eu\/matematicas\/?page_id=468"},"modified":"2018-09-09T10:10:07","modified_gmt":"2018-09-09T10:10:07","slug":"2o-e-s-o","status":"publish","type":"page","link":"https:\/\/maralboran.eu\/matematicas\/2o-e-s-o\/","title":{"rendered":"2\u00ba E.S.O."},"content":{"rendered":"<p><strong>LIBRO DE TEXTO CURSO 2017-18-19<\/strong><strong><br \/>\n<\/strong><\/p>\n<p><strong>Matem\u00e1ticas 2<\/strong> (Andaluc\u00eda 2017)<br \/>\n<strong><img loading=\"lazy\" decoding=\"async\" class=\"alignright wp-image-553 size-full\" src=\"http:\/\/maralboran.eu\/matematicas\/wp-content\/uploads\/sites\/8\/2016\/06\/ET03217101.jpg\" alt=\"\" width=\"200\" height=\"258\" \/><\/strong><\/p>\n<ul>\n<li class=\"autores\"><strong>Autores:<\/strong> Jos\u00e9 Colera Jim\u00e9nez; Ignacio Gaztelu Albero; Ram\u00f3n Colera Ca\u00f1as<strong><br \/>\n<\/strong><\/li>\n<li><strong>ISBN: <\/strong>978-84-698-3219-6 (Versi\u00f3n trimestral)<strong><br \/>\n<\/strong><\/li>\n<li><strong>ISBN: <\/strong>978-84-698-3218-9 (Versi\u00f3n libro \u00fanico)<\/li>\n<li><strong>Web Anaya Educaci\u00f3n:<\/strong>\n<ul>\n<li><strong><a href=\"http:\/\/www.anayaeducacion.es\/index_alumnado.php\" target=\"_blank\" rel=\"noopener\">Acceso alumnos y familia. <img loading=\"lazy\" decoding=\"async\" class=\"alignnone wp-image-363\" src=\"http:\/\/maralboran.eu\/matematicas\/wp-content\/uploads\/sites\/8\/2016\/05\/link.png\" alt=\"link\" width=\"15\" height=\"15\" srcset=\"https:\/\/maralboran.eu\/matematicas\/wp-content\/uploads\/sites\/8\/2016\/05\/link.png 36w, https:\/\/maralboran.eu\/matematicas\/wp-content\/uploads\/sites\/8\/2016\/05\/link-150x150.png 150w, https:\/\/maralboran.eu\/matematicas\/wp-content\/uploads\/sites\/8\/2016\/05\/link-160x160.png 160w, https:\/\/maralboran.eu\/matematicas\/wp-content\/uploads\/sites\/8\/2016\/05\/link-320x320.png 320w\" sizes=\"auto, (max-width: 15px) 100vw, 15px\" \/><\/a><\/strong><\/li>\n<li><strong><a href=\"http:\/\/www.anayaeducacion.es\/index_profesorado.php\" target=\"_blank\" rel=\"noopener\">Acceso profesores. <img loading=\"lazy\" decoding=\"async\" class=\"alignnone wp-image-363\" src=\"http:\/\/maralboran.eu\/matematicas\/wp-content\/uploads\/sites\/8\/2016\/05\/link.png\" alt=\"link\" width=\"15\" height=\"15\" srcset=\"https:\/\/maralboran.eu\/matematicas\/wp-content\/uploads\/sites\/8\/2016\/05\/link.png 36w, https:\/\/maralboran.eu\/matematicas\/wp-content\/uploads\/sites\/8\/2016\/05\/link-150x150.png 150w, https:\/\/maralboran.eu\/matematicas\/wp-content\/uploads\/sites\/8\/2016\/05\/link-160x160.png 160w, https:\/\/maralboran.eu\/matematicas\/wp-content\/uploads\/sites\/8\/2016\/05\/link-320x320.png 320w\" sizes=\"auto, (max-width: 15px) 100vw, 15px\" \/><\/a><\/strong><\/li>\n<\/ul>\n<\/li>\n<\/ul>\n<p style=\"padding-left: 30px\">Si ya tienes el libro, entra en el acceso para alumnos y familia, reg\u00edstrate y utiliza el c\u00f3digo que aparece en tu libro para poder acceder a la plataforma online. En ella podr\u00e1s consultar la versi\u00f3n digital del libro de texto y acceder a los recursos de Anaya. En ese enlace puedes pinchar en \u00abAyuda\u00bb para que te guie en el proceso.<\/p>\n<hr \/>\n","protected":false},"excerpt":{"rendered":"<p>LIBRO DE TEXTO CURSO 2017-18-19 Matem\u00e1ticas 2 (Andaluc\u00eda 2017) Autores: Jos\u00e9 Colera Jim\u00e9nez; Ignacio Gaztelu Albero; Ram\u00f3n Colera Ca\u00f1as ISBN: 978-84-698-3219-6 (Versi\u00f3n trimestral) ISBN: 978-84-698-3218-9 (Versi\u00f3n libro \u00fanico) Web Anaya Educaci\u00f3n: Acceso alumnos y&#46;&#46;&#46;<\/p>\n","protected":false},"author":1,"featured_media":0,"parent":0,"menu_order":0,"comment_status":"closed","ping_status":"closed","template":"","meta":{"_price":"","_stock":"","_tribe_ticket_header":"","_tribe_default_ticket_provider":"","_tribe_ticket_capacity":"0","_ticket_start_date":"","_ticket_end_date":"","_tribe_ticket_show_description":"","_tribe_ticket_show_not_going":false,"_tribe_ticket_use_global_stock":"","_tribe_ticket_global_stock_level":"","_global_stock_mode":"","_global_stock_cap":"","_tribe_rsvp_for_event":"","_tribe_ticket_going_count":"","_tribe_ticket_not_going_count":"","_tribe_tickets_list":"[]","_tribe_ticket_has_attendee_info_fields":false,"_kadence_starter_templates_imported_post":false,"footnotes":"","_tec_slr_enabled":"","_tec_slr_layout":""},"class_list":["post-468","page","type-page","status-publish","hentry"],"featured_image_src":null,"featured_image_src_square":null,"ticketed":false,"_links":{"self":[{"href":"https:\/\/maralboran.eu\/matematicas\/wp-json\/wp\/v2\/pages\/468","targetHints":{"allow":["GET"]}}],"collection":[{"href":"https:\/\/maralboran.eu\/matematicas\/wp-json\/wp\/v2\/pages"}],"about":[{"href":"https:\/\/maralboran.eu\/matematicas\/wp-json\/wp\/v2\/types\/page"}],"author":[{"embeddable":true,"href":"https:\/\/maralboran.eu\/matematicas\/wp-json\/wp\/v2\/users\/1"}],"replies":[{"embeddable":true,"href":"https:\/\/maralboran.eu\/matematicas\/wp-json\/wp\/v2\/comments?post=468"}],"version-history":[{"count":0,"href":"https:\/\/maralboran.eu\/matematicas\/wp-json\/wp\/v2\/pages\/468\/revisions"}],"wp:attachment":[{"href":"https:\/\/maralboran.eu\/matematicas\/wp-json\/wp\/v2\/media?parent=468"}],"curies":[{"name":"wp","href":"https:\/\/api.w.org\/{rel}","templated":true}]}}

2º E.S.O.

<p><strong>LIBRO DE TEXTO CURSO 2017-18-19</strong><strong><br />
</strong></p>
<p><strong>Matemáticas 2</strong> (Andalucía 2017)<br />
<strong><img loading="lazy" decoding="async" class="alignright wp-image-553 size-full" src="http://maralboran.eu/matematicas/wp-content/uploads/sites/8/2016/06/ET03217101.jpg" alt="" width="200" height="258" /></strong></p>
<ul>
<li class="autores"><strong>Autores:</strong> José Colera Jiménez; Ignacio Gaztelu Albero; Ramón Colera Cañas<strong><br />
</strong></li>
<li><strong>ISBN: </strong>978-84-698-3219-6 (Versión trimestral)<strong><br />
</strong></li>
<li><strong>ISBN: </strong>978-84-698-3218-9 (Versión libro único)</li>
<li><strong>Web Anaya Educación:</strong>
<ul>
<li><strong><a href="http://www.anayaeducacion.es/index_alumnado.php" target="_blank" rel="noopener">Acceso alumnos y familia. <img loading="lazy" decoding="async" class="alignnone wp-image-363" src="http://maralboran.eu/matematicas/wp-content/uploads/sites/8/2016/05/link.png" alt="link" width="15" height="15" srcset="https://maralboran.eu/matematicas/wp-content/uploads/sites/8/2016/05/link.png 36w, https://maralboran.eu/matematicas/wp-content/uploads/sites/8/2016/05/link-150x150.png 150w, https://maralboran.eu/matematicas/wp-content/uploads/sites/8/2016/05/link-160x160.png 160w, https://maralboran.eu/matematicas/wp-content/uploads/sites/8/2016/05/link-320x320.png 320w" sizes="auto, (max-width: 15px) 100vw, 15px" /></a></strong></li>
<li><strong><a href="http://www.anayaeducacion.es/index_profesorado.php" target="_blank" rel="noopener">Acceso profesores. <img loading="lazy" decoding="async" class="alignnone wp-image-363" src="http://maralboran.eu/matematicas/wp-content/uploads/sites/8/2016/05/link.png" alt="link" width="15" height="15" srcset="https://maralboran.eu/matematicas/wp-content/uploads/sites/8/2016/05/link.png 36w, https://maralboran.eu/matematicas/wp-content/uploads/sites/8/2016/05/link-150x150.png 150w, https://maralboran.eu/matematicas/wp-content/uploads/sites/8/2016/05/link-160x160.png 160w, https://maralboran.eu/matematicas/wp-content/uploads/sites/8/2016/05/link-320x320.png 320w" sizes="auto, (max-width: 15px) 100vw, 15px" /></a></strong></li>
</ul>
</li>
</ul>
<p style="padding-left: 30px">Si ya tienes el libro, entra en el acceso para alumnos y familia, regístrate y utiliza el código que aparece en tu libro para poder acceder a la plataforma online. En ella podrás consultar la versión digital del libro de texto y acceder a los recursos de Anaya. En ese enlace puedes pinchar en «Ayuda» para que te guie en el proceso.</p>
<hr />

<p>LIBRO DE TEXTO CURSO 2017-18-19 Matemáticas 2 (Andalucía 2017) Autores: José Colera Jiménez; Ignacio Gaztelu Albero; Ramón Colera Cañas ISBN: 978-84-698-3219-6 (Versión trimestral) ISBN: 978-84-698-3218-9 (Versión libro único) Web Anaya Educación: Acceso alumnos y&#46;&#46;&#46;</p>
