{"id":150,"date":"2018-10-14T18:55:43","date_gmt":"2018-10-14T18:55:43","guid":{"rendered":"http:\/\/maralboran.eu\/geografia\/?page_id=150"},"modified":"2018-10-14T18:55:43","modified_gmt":"2018-10-14T18:55:43","slug":"tema-2-bienes-de-interes-cultural-en-andalucia","status":"publish","type":"page","link":"https:\/\/maralboran.eu\/geografia\/tema-2-bienes-de-interes-cultural-en-andalucia\/","title":{"rendered":"Tema 2. Bienes de inter\u00e9s cultural en Andaluc\u00eda."},"content":{"rendered":"<p style=\"text-align: justify\">\u00a0 \u00a0 \u00a0Si en el tema anterior hemos visto la definici\u00f3n y tipolog\u00eda de la idea de Patrimonio, es el momento ahora de explicar todo lo referente a los bienes que lo componen. El patrimonio de un territorio est\u00e1 integrado por los bienes que ese territorio desea cuidar y proteger. Es obligatorio que exista un inventario en el que dichos bienes est\u00e9n registrados. Si no inventariamos y jerarquizamos los bienes es imposible que exista un sistema de protecci\u00f3n patrimonial efectivo. Demasiado patrimonio cultural ha desaparecido ya, as\u00ed que hay que hacer todo lo posible por mantener el que nos queda.<\/p>\n<p style=\"text-align: justify\">\u00a0 \u00a0 \u00a0 En este tema, por tanto, haremos un recorrido en el que veremos qu\u00e9 es un Bien de Inter\u00e9s Cultural (BIC), qu\u00e9 tipos de bienes existen y qu\u00e9 nivel de protecci\u00f3n se les asigna. Adem\u00e1s, por supuesto que nos centraremos en Andaluc\u00eda haciendo un recorrido por su cat\u00e1logo de bienes y por sus Bienes declarados patrimonio de la humanidad.<\/p>\n<p>&nbsp;<\/p>\n","protected":false},"excerpt":{"rendered":"<p>\u00a0 \u00a0 \u00a0Si en el tema anterior hemos visto la definici\u00f3n y tipolog\u00eda de la idea de Patrimonio, es el momento ahora de explicar todo lo referente a los bienes que lo componen. El&#46;&#46;&#46;<\/p>\n","protected":false},"author":38,"featured_media":0,"parent":0,"menu_order":0,"comment_status":"closed","ping_status":"closed","template":"","meta":{"_price":"","_stock":"","_tribe_ticket_header":"","_tribe_default_ticket_provider":"","_ticket_start_date":"","_ticket_end_date":"","_tribe_ticket_show_description":"","_tribe_ticket_show_not_going":false,"_tribe_ticket_use_global_stock":"","_tribe_ticket_global_stock_level":"","_global_stock_mode":"","_global_stock_cap":"","_tribe_rsvp_for_event":"","_tribe_ticket_going_count":"","_tribe_ticket_not_going_count":"","_tribe_tickets_list":"[]","_tribe_ticket_has_attendee_info_fields":false,"_kadence_starter_templates_imported_post":false,"footnotes":"","_tec_slr_enabled":"","_tec_slr_layout":""},"class_list":["post-150","page","type-page","status-publish","hentry"],"featured_image_src":null,"featured_image_src_square":null,"ticketed":false,"_links":{"self":[{"href":"https:\/\/maralboran.eu\/geografia\/wp-json\/wp\/v2\/pages\/150","targetHints":{"allow":["GET"]}}],"collection":[{"href":"https:\/\/maralboran.eu\/geografia\/wp-json\/wp\/v2\/pages"}],"about":[{"href":"https:\/\/maralboran.eu\/geografia\/wp-json\/wp\/v2\/types\/page"}],"author":[{"embeddable":true,"href":"https:\/\/maralboran.eu\/geografia\/wp-json\/wp\/v2\/users\/38"}],"replies":[{"embeddable":true,"href":"https:\/\/maralboran.eu\/geografia\/wp-json\/wp\/v2\/comments?post=150"}],"version-history":[{"count":0,"href":"https:\/\/maralboran.eu\/geografia\/wp-json\/wp\/v2\/pages\/150\/revisions"}],"wp:attachment":[{"href":"https:\/\/maralboran.eu\/geografia\/wp-json\/wp\/v2\/media?parent=150"}],"curies":[{"name":"wp","href":"https:\/\/api.w.org\/{rel}","templated":true}]}}