{"id":498,"date":"2021-10-21T10:19:19","date_gmt":"2021-10-21T10:19:19","guid":{"rendered":"https:\/\/maralboran.eu\/europa\/?page_id=498"},"modified":"2021-10-31T09:36:36","modified_gmt":"2021-10-31T09:36:36","slug":"icaros","status":"publish","type":"page","link":"https:\/\/maralboran.eu\/europa\/icaros\/","title":{"rendered":"Icaros"},"content":{"rendered":"\n\n\n<blockquote>\n<h3><strong>Proyecto educativo basado en el dise\u00f1o, montaje y manejo de drones a trav\u00e9s de las STEAM.<\/strong><\/h3>\n<\/blockquote>\n<p><div class=\"video-container\"><iframe loading=\"lazy\" title=\"ICAROS Project. Finalista del \u201cPremio a las Mejores Pr\u00e1cticas Educativas en la Uni\u00f3n Europea\u201d\" width=\"500\" height=\"281\" src=\"https:\/\/www.youtube.com\/embed\/QHgvcKlfZNA?feature=oembed&#038;wmode=opaque\" frameborder=\"0\" allow=\"accelerometer; autoplay; clipboard-write; encrypted-media; gyroscope; picture-in-picture; web-share\" referrerpolicy=\"strict-origin-when-cross-origin\" allowfullscreen><\/iframe><\/div><\/p>\n<hr \/>\n<p><img decoding=\"async\" class=\"alignleft\" src=\"http:\/\/maralboran.eu\/europa\/wp-content\/uploads\/sites\/19\/2021\/10\/ICAROS-IZQ.png\" \/><\/p>\n<p><span style=\"font-weight: 400;\">ICAROS fue un proyecto transnacional de dos a\u00f1os de duraci\u00f3n en el que particip\u00f3 el IES Mar de Albor\u00e1n con escuelas de otros 4 pa\u00edses europeos:<\/span><\/p>\n<ul>\n<li style=\"font-weight: 400;\" aria-level=\"1\"><span style=\"font-weight: 400;\">Wijkmanska gymnasiet. SUECIA (Vasteras)<\/span><\/li>\n<li style=\"font-weight: 400;\" aria-level=\"1\"><span style=\"font-weight: 400;\">Ellinogermaniki Agogi. GRECIA (Atenas)<\/span><\/li>\n<li style=\"font-weight: 400;\" aria-level=\"1\"><span style=\"font-weight: 400;\">Paul Julius Von Reuter Schule. ALEMANIA (Kassel)<\/span><\/li>\n<li style=\"font-weight: 400;\" aria-level=\"1\"><span style=\"font-weight: 400;\">Lyc\u00e9e Saint\u00adExup\u00e9ry. FRANCIA (Toulouse)<\/span><\/li>\n<\/ul>\n<p><span style=\"font-weight: 400;\">El proyecto ICAROS ten\u00eda como objetivo promocionar el desarrollo profesional del profesorado y alumnado compartiendo una metodolog\u00eda, las buenas pr\u00e1cticas, el trabajo colaborativo y los resultados. Las experiencias educativas se orientaban al dise\u00f1o y montaje conjunto de un Dron y\u00a0 la posterior publicaci\u00f3n de fotograf\u00edas y v\u00eddeos geolocalizados en una p\u00e1gina web de libre acceso.<\/span><\/p>\n<p><span style=\"font-weight: 400;\">El proyecto ICAROS ha obtenido un nuevo reconocimiento al ser seleccionado como finalista del <\/span><i><span style=\"font-weight: 400;\">\u201cPremio a las Mejores Pr\u00e1cticas Educativas en la Uni\u00f3n Europea\u201d<\/span><\/i><span style=\"font-weight: 400;\">.\u00a0 El hecho de alcanzar esta final es un gran logro, al concurrir cientos de proyectos de toda Europa. Los resultados se har\u00e1n p\u00fablicos el 20 de octubre.<\/span><\/p>\n<p><span style=\"font-weight: 400;\">El Proyecto ICAROS ya recibi\u00f3 la distinci\u00f3n de Ejemplo de Buenas Pr\u00e1cticas <\/span><i><span style=\"font-weight: 400;\">\u201cpara proyectos que se administraron particularmente bien y fueron una fuente de inspiraci\u00f3n para otros en la plataforma de resultados de proyectos Erasmus + de la Comisi\u00f3n Europea\u201d.<\/span><\/i><\/p>\n<hr \/>\n<ul>\n<li>\n<h5><a href=\"https:\/\/icarosproject.com\"><strong>Web<\/strong><\/a><\/h5>\n<\/li>\n<li>\n<h5><a href=\"https:\/\/maralboran.eu\/europa\/category\/icaros\/\"><strong>Noticias relacionadas<\/strong><\/a><\/h5>\n<\/li>\n<li>\n<h5><a href=\"https:\/\/www.instagram.com\/icarosproject\/\"><strong>S\u00edguenos en las redes<\/strong><\/a><\/h5>\n<\/li>\n<\/ul>\n\n\n","protected":false},"excerpt":{"rendered":"<p>Proyecto educativo basado en el dise\u00f1o, montaje y manejo de drones a trav\u00e9s de las STEAM. ICAROS fue un proyecto transnacional de dos a\u00f1os de duraci\u00f3n en el que particip\u00f3&#46;&#46;&#46;<\/p>\n","protected":false},"author":1,"featured_media":0,"parent":0,"menu_order":0,"comment_status":"closed","ping_status":"closed","template":"","meta":{"_price":"","_stock":"","_tribe_ticket_header":"","_tribe_default_ticket_provider":"","_ticket_start_date":"","_ticket_end_date":"","_tribe_ticket_show_description":"","_tribe_ticket_show_not_going":false,"_tribe_ticket_use_global_stock":"","_tribe_ticket_global_stock_level":"","_global_stock_mode":"","_global_stock_cap":"","_tribe_rsvp_for_event":"","_tribe_ticket_going_count":"","_tribe_ticket_not_going_count":"","_tribe_tickets_list":"[]","_tribe_ticket_has_attendee_info_fields":false,"_kadence_starter_templates_imported_post":false,"footnotes":"","_tec_slr_enabled":"","_tec_slr_layout":""},"class_list":["post-498","page","type-page","status-publish","hentry"],"featured_image_src":null,"featured_image_src_square":null,"ticketed":false,"_links":{"self":[{"href":"https:\/\/maralboran.eu\/europa\/wp-json\/wp\/v2\/pages\/498","targetHints":{"allow":["GET"]}}],"collection":[{"href":"https:\/\/maralboran.eu\/europa\/wp-json\/wp\/v2\/pages"}],"about":[{"href":"https:\/\/maralboran.eu\/europa\/wp-json\/wp\/v2\/types\/page"}],"author":[{"embeddable":true,"href":"https:\/\/maralboran.eu\/europa\/wp-json\/wp\/v2\/users\/1"}],"replies":[{"embeddable":true,"href":"https:\/\/maralboran.eu\/europa\/wp-json\/wp\/v2\/comments?post=498"}],"version-history":[{"count":0,"href":"https:\/\/maralboran.eu\/europa\/wp-json\/wp\/v2\/pages\/498\/revisions"}],"wp:attachment":[{"href":"https:\/\/maralboran.eu\/europa\/wp-json\/wp\/v2\/media?parent=498"}],"curies":[{"name":"wp","href":"https:\/\/api.w.org\/{rel}","templated":true}]}}