{"id":90,"date":"2016-06-02T12:51:31","date_gmt":"2016-06-02T12:51:31","guid":{"rendered":"http:\/\/maralboran.eu\/electronica\/?page_id=90"},"modified":"2016-06-04T09:02:32","modified_gmt":"2016-06-04T09:02:32","slug":"miembros","status":"publish","type":"page","link":"https:\/\/maralboran.eu\/electronica\/miembros\/","title":{"rendered":"Miembros del Dpto. de Electr\u00f3nica"},"content":{"rendered":"<ul>\n<li style=\"text-align: left;\"><img loading=\"lazy\" decoding=\"async\" class=\"alignright wp-image-287 size-thumbnail\" src=\"http:\/\/maralboran.eu\/matematicas\/wp-content\/uploads\/sites\/8\/2016\/06\/reacher-150x150.png\" alt=\"reacher\" width=\"150\" height=\"150\" \/>Juan Manuel L\u00f3pez Alarc\u00f3n (J.D.)<\/li>\n<li style=\"text-align: left;\">Jos\u00e9 Antonio Gonz\u00e1lez Ru\u00edz<\/li>\n<li style=\"text-align: left;\">Manuel Rodr\u00edguez Rueda<\/li>\n<\/ul>\n","protected":false},"excerpt":{"rendered":"<p>Juan Manuel L\u00f3pez Alarc\u00f3n (J.D.) Jos\u00e9 Antonio Gonz\u00e1lez Ru\u00edz Manuel Rodr\u00edguez Rueda<\/p>\n","protected":false},"author":1,"featured_media":0,"parent":0,"menu_order":0,"comment_status":"closed","ping_status":"closed","template":"","meta":{"_price":"","_stock":"","_tribe_ticket_header":"","_tribe_default_ticket_provider":"","_ticket_start_date":"","_ticket_end_date":"","_tribe_ticket_show_description":"","_tribe_ticket_show_not_going":false,"_tribe_ticket_use_global_stock":"","_tribe_ticket_global_stock_level":"","_global_stock_mode":"","_global_stock_cap":"","_tribe_rsvp_for_event":"","_tribe_ticket_going_count":"","_tribe_ticket_not_going_count":"","_tribe_tickets_list":"[]","_tribe_ticket_has_attendee_info_fields":false,"_kadence_starter_templates_imported_post":false,"footnotes":"","_tec_slr_enabled":"","_tec_slr_layout":""},"class_list":["post-90","page","type-page","status-publish","hentry"],"featured_image_src":null,"featured_image_src_square":null,"ticketed":false,"_links":{"self":[{"href":"https:\/\/maralboran.eu\/electronica\/wp-json\/wp\/v2\/pages\/90","targetHints":{"allow":["GET"]}}],"collection":[{"href":"https:\/\/maralboran.eu\/electronica\/wp-json\/wp\/v2\/pages"}],"about":[{"href":"https:\/\/maralboran.eu\/electronica\/wp-json\/wp\/v2\/types\/page"}],"author":[{"embeddable":true,"href":"https:\/\/maralboran.eu\/electronica\/wp-json\/wp\/v2\/users\/1"}],"replies":[{"embeddable":true,"href":"https:\/\/maralboran.eu\/electronica\/wp-json\/wp\/v2\/comments?post=90"}],"version-history":[{"count":3,"href":"https:\/\/maralboran.eu\/electronica\/wp-json\/wp\/v2\/pages\/90\/revisions"}],"predecessor-version":[{"id":101,"href":"https:\/\/maralboran.eu\/electronica\/wp-json\/wp\/v2\/pages\/90\/revisions\/101"}],"wp:attachment":[{"href":"https:\/\/maralboran.eu\/electronica\/wp-json\/wp\/v2\/media?parent=90"}],"curies":[{"name":"wp","href":"https:\/\/api.w.org\/{rel}","templated":true}]}}