{"id":89,"date":"2019-10-07T19:35:51","date_gmt":"2019-10-07T17:35:51","guid":{"rendered":"https:\/\/maralboran.eu\/autopreteccion\/?page_id=89"},"modified":"2019-10-07T20:35:16","modified_gmt":"2019-10-07T18:35:16","slug":"diabetes-pautas","status":"publish","type":"page","link":"https:\/\/maralboran.eu\/autoproteccion\/diabetes-pautas\/","title":{"rendered":"Diabetes. Pautas"},"content":{"rendered":"\n<p>Se detallan, a continuaci\u00f3n, algunas&nbsp;<strong>pautas<\/strong>&nbsp;que facilitar\u00e1n la escolarizaci\u00f3n segura de este alumnado:<\/p>\n\n\n\n<ol class=\"wp-block-list\"><li>La familia comunicar\u00e1 al centro la existencia de la enfermedad. Si la informaci\u00f3n es trasladada al tutor o tutora del alumno o alumna o a cualquier otra persona que preste servicios en el centro educativo, se comunicar\u00e1 esta circunstancia al equipo directivo.<\/li><li>Esta informaci\u00f3n por parte de la familia ir\u00e1 acompa\u00f1ada de un informe m\u00e9dico en el que se detallen las necesidades del alumno o alumna durante su estancia en el centro educativo. Si no existiese dicho informe, el equipo directivo lo recabar\u00e1 de la familia.<\/li><li>La familia entregar\u00e1 al equipo directivo la&nbsp;<a href=\"http:\/\/www.juntadeandalucia.es\/educacion\/portals\/ishare-servlet\/content\/49b6fffe-fa83-4229-9a7e-6fe8de91e042\">FICHA T\u00c9CNICA DEL ALUMNO O ALUMNA CON DIABETES<\/a>.<\/li><li>El equipo directivo, el equipo docente y el m\u00e9dico o m\u00e9dica del Equipo de Orientaci\u00f3n Educativa de la zona, valorar\u00e1n las necesidades del alumno o alumna afectados por diabetes y adoptar\u00e1n las medidas oportunas para garantizar su escolarizaci\u00f3n segura.<\/li><li>Si el Equipo de Orientaci\u00f3n Educativa no cuenta con m\u00e9dico o m\u00e9dica, el equipo directivo del centro solicitar\u00e1 al Equipo T\u00e9cnico Provincial para la Orientaci\u00f3n Educativa y Profesional la asignaci\u00f3n de un m\u00e9dico o m\u00e9dica de otro Equipo para que participe en la valoraci\u00f3n y adopci\u00f3n de medidas.<\/li><li>Todas las medidas adoptadas quedar\u00e1n recogidas en un informe que se incorporar\u00e1 al expediente del alumno o la alumna.<\/li><li>El centro educativo contemplar\u00e1, al menos, las siguientes&nbsp;<strong>medidas b\u00e1sicas<\/strong>:<ol><li>Informaci\u00f3n al Claustro y al personal no docente sobre la diabetes y las actuaciones a realizar con el alumno o alumna afectado. La&nbsp;<a href=\"http:\/\/www.juntadeandalucia.es\/educacion\/portals\/ishare-servlet\/content\/49b6fffe-fa83-4229-9a7e-6fe8de91e042\">FICHA T\u00c9CNICA DEL ALUMNO O ALUMNA CON DIABETES<\/a>&nbsp;se colocar\u00e1 en un tabl\u00f3n de anuncios en la sala de profesorado o en alg\u00fan lugar conocido por todo el personal del centro para tener la informaci\u00f3n accesible en todo momento.<\/li><li>Adaptaci\u00f3n de la dieta en el comedor escolar si fuese necesario.<\/li><li>Informaci\u00f3n a la familia con antelaci\u00f3n de las excursiones y\/o salidas del centro para adoptar las medidas preventivas oportunas.<\/li><li>Disponer de viales de Glucag\u00f3n\u00ae (conservado en refrigerador) para su administraci\u00f3n en caso de hipoglucemias graves.<\/li><li>Se tendr\u00e1n en cuenta las siguientes&nbsp;<strong>recomendaciones<\/strong>&nbsp;en relaci\u00f3n con la alimentaci\u00f3n y los niveles de glucosa:<ol><li>Aperitivos: el ni\u00f1o o la ni\u00f1a con diabetes necesita tomar alg\u00fan aperitivo a media ma\u00f1ana y a media tarde. Es en estos momentos en los que la glucosa puede bajar demasiado.<\/li><li>Fiestas en la clase: El alumno o alumna participar\u00e1 en las fiestas o celebraciones que se realicen en la clase o en el centro. Para ello, se avisar\u00e1 con antelaci\u00f3n a las familias de tal forma que se puedan adaptar los alimentos o se proporcione un alimento alternativo.<\/li><li>El alumno o alumna necesitar\u00e1 medir las cifras de az\u00facar en sangre antes de las comidas. Para ello, llevar\u00e1 al centro el equipo adecuado (agujas para pincharse los dedos, tiras reactivas y aparatos para la lectura de la tira). Puede precisar ayuda o supervisi\u00f3n.<\/li><li>La actividad f\u00edsica es muy importante para los ni\u00f1os y ni\u00f1as con diabetes y no deben ser excluidos del ejercicio f\u00edsico ni de las actividades deportivas. Sin embargo, hay que tener en cuenta que:<ul><li>Durante el ejercicio pueden ocurrir bajadas de az\u00facar (hipoglucemias), por lo que puede ser necesario tomar alg\u00fan aperitivo antes, sobre todo si es a \u00faltima hora de la ma\u00f1ana o de la tarde (antes de las comidas) o el ejercicio va a ser m\u00e1s intenso de lo habitual.<\/li><li>Si se tiene el az\u00facar alto (glucemias por encima de 300 mg\/dl) o acetona en orina, no se debe hacer ejercicio porque puede empeorar la situaci\u00f3n de hiperglucemia y producir cetosis (descompensaci\u00f3n de la diabetes, potencialmente grave). Los ejercicios f\u00edsicos aconsejables son los de baja resistencia (footing, bicicleta, f\u00fatbol, comba&#8230;). Son preferibles los que se realizan en grupo y al aire libre. No deben llegar al agotamiento.<\/li><\/ul><\/li><\/ol><\/li><\/ol><\/li><\/ol>\n","protected":false},"excerpt":{"rendered":"<p>Se detallan, a continuaci\u00f3n, algunas&nbsp;pautas&nbsp;que facilitar\u00e1n la escolarizaci\u00f3n segura de este alumnado: La familia comunicar\u00e1 al centro la existencia de la enfermedad. Si la informaci\u00f3n es trasladada al tutor o tutora del alumno o&#46;&#46;&#46;<\/p>\n","protected":false},"author":21,"featured_media":0,"parent":0,"menu_order":0,"comment_status":"closed","ping_status":"closed","template":"","meta":{"_price":"","_stock":"","_tribe_ticket_header":"","_tribe_default_ticket_provider":"","_tribe_ticket_capacity":"0","_ticket_start_date":"","_ticket_end_date":"","_tribe_ticket_show_description":"","_tribe_ticket_show_not_going":false,"_tribe_ticket_use_global_stock":"","_tribe_ticket_global_stock_level":"","_global_stock_mode":"","_global_stock_cap":"","_tribe_rsvp_for_event":"","_tribe_ticket_going_count":"","_tribe_ticket_not_going_count":"","_tribe_tickets_list":"[]","_tribe_ticket_has_attendee_info_fields":false,"_kadence_starter_templates_imported_post":false,"footnotes":"","_tec_slr_enabled":"","_tec_slr_layout":""},"class_list":["post-89","page","type-page","status-publish","hentry"],"featured_image_src":null,"featured_image_src_square":null,"ticketed":false,"_links":{"self":[{"href":"https:\/\/maralboran.eu\/autoproteccion\/wp-json\/wp\/v2\/pages\/89","targetHints":{"allow":["GET"]}}],"collection":[{"href":"https:\/\/maralboran.eu\/autoproteccion\/wp-json\/wp\/v2\/pages"}],"about":[{"href":"https:\/\/maralboran.eu\/autoproteccion\/wp-json\/wp\/v2\/types\/page"}],"author":[{"embeddable":true,"href":"https:\/\/maralboran.eu\/autoproteccion\/wp-json\/wp\/v2\/users\/21"}],"replies":[{"embeddable":true,"href":"https:\/\/maralboran.eu\/autoproteccion\/wp-json\/wp\/v2\/comments?post=89"}],"version-history":[{"count":2,"href":"https:\/\/maralboran.eu\/autoproteccion\/wp-json\/wp\/v2\/pages\/89\/revisions"}],"predecessor-version":[{"id":140,"href":"https:\/\/maralboran.eu\/autoproteccion\/wp-json\/wp\/v2\/pages\/89\/revisions\/140"}],"wp:attachment":[{"href":"https:\/\/maralboran.eu\/autoproteccion\/wp-json\/wp\/v2\/media?parent=89"}],"curies":[{"name":"wp","href":"https:\/\/api.w.org\/{rel}","templated":true}]}}