{"id":465,"date":"2023-10-11T22:27:45","date_gmt":"2023-10-11T20:27:45","guid":{"rendered":"https:\/\/maralboran.eu\/autoproteccion\/?page_id=465"},"modified":"2023-10-12T18:41:58","modified_gmt":"2023-10-12T16:41:58","slug":"incendios-forestales","status":"publish","type":"page","link":"https:\/\/maralboran.eu\/autoproteccion\/incendios-forestales\/","title":{"rendered":"Incendios Forestales"},"content":{"rendered":"\n<h5 class=\"wp-block-heading\"><strong><mark>LOS INCENDIOS FORESTALES: UNA RESPONSABILIDAD COMPARTIDA<\/mark><\/strong><\/h5>\n\n\n\n<p>Los incendios forestales son uno de los fen\u00f3menos de car\u00e1cter natural que pueden ocasionar situaciones de riesgo para las personas. Adem\u00e1s constituyen un problema medioambiental muy grave.<\/p>\n\n\n\n<p><strong>Un comportamiento responsable<\/strong>, procurando no encender fuego en el campo cuando exista riesgo de incendio, es <strong>la mejor medida para evitar los incendios forestales<\/strong><\/p>\n\n\n\n<h5 class=\"wp-block-heading\"><strong><mark>MEDIDAS DE PREVENCION ANTE LOS INCENDIOS FORESTALES<\/mark><\/strong><\/h5>\n\n\n\n<p>Entre las medidas de prevenci\u00f3n que se pueden adoptar, conviene recordar algunas que, aunque parezcan conocidas, tienden a olvidarse con frecuencia, como la de <strong>tener la precauci\u00f3n de<\/strong><\/p>\n\n\n\n<div id=\"section-g321745\" class=\"wp-block-gutentor-e7 section-g321745 gutentor-element gutentor-element-list\"><ul class=\"grid-row gutentor-grid-item-wrap list-indicator-icon\"><li class=\"gutentor-list-item grid-lg-12 grid-md-12 grid-12\"><span class=\"gutentor-single-item gutentor-single-item-0\"><span class=\"gutentor-list-item-wrap g-s-list-wrap\"><span class=\"gutentor-single-list-item-icon\"><i class=\"list-item-icon fas fa-arrow-right\"><\/i><\/span><span class=\"gutentor-list-item\"><p class=\"gutentor-single-item-title\">Apagar bien las cerillas y cigarrillos y no tirarlos por las ventanillas del coche.<\/p><\/span><\/span><\/span><\/li><li class=\"gutentor-list-item grid-lg-12 grid-md-12 grid-12\"><span class=\"gutentor-single-item gutentor-single-item-1\"><span class=\"gutentor-list-item-wrap g-s-list-wrap\"><span class=\"gutentor-single-list-item-icon\"><i class=\"list-item-icon fas fa-arrow-right\"><\/i><\/span><span class=\"gutentor-list-item\"><p class=\"gutentor-single-item-title\">No abandonar en el bosque botellas y objetos de cristal.<\/p><\/span><\/span><\/span><\/li><li class=\"gutentor-list-item grid-lg-12 grid-md-12 grid-12\"><span class=\"gutentor-single-item gutentor-single-item-2\"><span class=\"gutentor-list-item-wrap g-s-list-wrap\"><span class=\"gutentor-single-list-item-icon\"><i class=\"list-item-icon fas fa-arrow-right\"><\/i><\/span><span class=\"gutentor-list-item\"><p class=\"gutentor-single-item-title\">Encender fuego solamente en lugares autorizados y acondicionados para ello. Tener un cuidado especial al apagarlo, asegur\u00e1ndose que no quede ning\u00fan rescoldo que lo pueda reavivar y con ello iniciar un incendio.<\/p><\/span><\/span><\/span><\/li><\/ul><\/div>\n\n\n\n<p>   <\/p>\n\n\n\n<p> <\/p>\n\n\n\n<p>Si observa un incendio forestal o una columna de humo dentro del monte, es importante avisar lo m\u00e1s r\u00e1pidamente posible a alguno de los servicios de emergencia m\u00e1s pr\u00f3ximos, como Servicios Forestales, Bomberos, Polic\u00eda, Guardia Civil o Protecci\u00f3n Civil.<\/p>\n\n\n\n<p> <\/p>\n\n\n\n<p><strong>En caso de condiciones meteorol\u00f3gicas que favorezcan la propagaci\u00f3n de incendios, hay que abstenerse de encender fuego en el campo con cualquier finalidad.<\/strong><\/p>\n\n\n\n<div id=\"section-g78531d\" class=\"wp-block-gutentor-e6 section-g78531d gutentor-element gutentor-element-image\"><div class=\"gutentor-element-image-box\"><div class=\"gutentor-image-thumb\"><img decoding=\"async\" class=\"normal-image\" src=\"https:\/\/maralboran.eu\/autoproteccion\/wp-content\/uploads\/sites\/40\/2023\/10\/IF_PREVENCION_CASACAMPO.png\" \/><\/div><\/div><\/div>\n\n\n\n<p>  <\/p>\n\n\n\n<div id=\"section-g513063\" class=\"wp-block-gutentor-e6 section-g513063 gutentor-element gutentor-element-image\"><div class=\"gutentor-element-image-box\"><div class=\"gutentor-image-thumb\"><img decoding=\"async\" class=\"normal-image\" src=\"https:\/\/maralboran.eu\/autoproteccion\/wp-content\/uploads\/sites\/40\/2023\/10\/IF_PREVENCION_MONTES.png\" \/><\/div><\/div><\/div>\n\n\n\n<p>  <\/p>\n\n\n\n<div id=\"section-g959f23\" class=\"wp-block-gutentor-e6 section-g959f23 gutentor-element gutentor-element-image\"><div class=\"gutentor-element-image-box\"><div class=\"gutentor-image-thumb\"><img decoding=\"async\" class=\"normal-image\" src=\"https:\/\/maralboran.eu\/autoproteccion\/wp-content\/uploads\/sites\/40\/2023\/10\/IF_PREVENCION_RASTROJOS.png\" \/><\/div><\/div><\/div>\n\n\n\n<h5 class=\"wp-block-heading\"><strong><mark><strong>MEDIDAS DE AUTOPROTECCION ANTE LOS INCENDIOS FORESTALES<\/strong><\/mark><\/strong><\/h5>\n\n\n\n<p><strong>Conocer el entorno<\/strong> y los riesgos con los que puede encontrarse, <strong>ayuda a tomar medidas<\/strong> para evitar que \u00e9stos se produzcan.<\/p>\n\n\n\n<p>Por eso, en \u00e9pocas de riesgo de incendio, para adentrarse en el monte es necesario conocer bien el terreno, las v\u00edas de comunicaci\u00f3n y caminos alternativos y procurar caminar siempre por zonas de gran visibilidad.<\/p>\n\n\n\n<p><strong>Si se encuentra en las proximidades de un incendio<\/strong><\/p>\n\n\n\n<div id=\"section-g9cd1aa\" class=\"wp-block-gutentor-e7 section-g9cd1aa gutentor-element gutentor-element-list\"><ul class=\"grid-row gutentor-grid-item-wrap list-indicator-icon\"><li class=\"gutentor-list-item grid-lg-12 grid-md-12 grid-12\"><span class=\"gutentor-single-item gutentor-single-item-0\"><span class=\"gutentor-list-item-wrap g-s-list-wrap\"><span class=\"gutentor-single-list-item-icon\"><i class=\"list-item-icon fas fa-arrow-right\"><\/i><\/span><span class=\"gutentor-list-item\"><p class=\"gutentor-single-item-title\">Trate de alejarse por las zonas laterales del mismo y m\u00e1s desprovistas de vegetaci\u00f3n.<\/p><\/span><\/span><\/span><\/li><li class=\"gutentor-list-item grid-lg-12 grid-md-12 grid-12\"><span class=\"gutentor-single-item gutentor-single-item-1\"><span class=\"gutentor-list-item-wrap g-s-list-wrap\"><span class=\"gutentor-single-list-item-icon\"><i class=\"list-item-icon fas fa-arrow-right\"><\/i><\/span><span class=\"gutentor-list-item\"><p class=\"gutentor-single-item-title\">Recuerde que un cambio en la direcci\u00f3n del viento puede hacer que el fuego le rodee. Por tanto, vaya siempre en sentido contrario a la direcci\u00f3n del viento.<\/p><\/span><\/span><\/span><\/li><li class=\"gutentor-list-item grid-lg-12 grid-md-12 grid-12\"><span class=\"gutentor-single-item gutentor-single-item-2\"><span class=\"gutentor-list-item-wrap g-s-list-wrap\"><span class=\"gutentor-single-list-item-icon\"><i class=\"list-item-icon fas fa-arrow-right\"><\/i><\/span><span class=\"gutentor-list-item\"><p class=\"gutentor-single-item-title\">Procure no dirigirse hacia barrancos u hondonadas, ni intente escapar ladera arriba cuando el fuego ascienda por ella.<\/p><\/span><\/span><\/span><\/li><\/ul><\/div>\n\n\n\n<p>  <\/p>\n\n\n\n<div id=\"section-g379fd3\" class=\"wp-block-gutentor-e6 section-g379fd3 gutentor-element gutentor-element-image\"><div class=\"gutentor-element-image-box\"><div class=\"gutentor-image-thumb\"><img decoding=\"async\" class=\"normal-image\" src=\"https:\/\/maralboran.eu\/autoproteccion\/wp-content\/uploads\/sites\/40\/2023\/10\/IF_AUTOPROTECCION_INCENDIO_CERCANIACASACAMPO.png\" \/><\/div><\/div><\/div>\n\n\n\n<p>  <\/p>\n\n\n\n<div id=\"section-g471c43\" class=\"wp-block-gutentor-e6 section-g471c43 gutentor-element gutentor-element-image\"><div class=\"gutentor-element-image-box\"><div class=\"gutentor-image-thumb\"><img decoding=\"async\" class=\"normal-image\" src=\"https:\/\/maralboran.eu\/autoproteccion\/wp-content\/uploads\/sites\/40\/2023\/10\/IF_AUTOPROTECCION_PROX_INCENDIO.png\" \/><\/div><\/div><\/div>\n\n\n\n<p>  <\/p>\n\n\n\n<h5 class=\"wp-block-heading\"><strong><mark><strong><strong>RECUERDE<\/strong><\/strong><\/mark><\/strong><\/h5>\n\n\n\n<p>Las medidas de <strong>prevenci\u00f3n<\/strong> ayudan a reducir el da\u00f1o que puede derivarse de los desastres.<\/p>\n\n\n\n<p>En caso de emergencia, conocer algunas pautas de <strong>autoprotecci\u00f3n<\/strong>, ayuda a tomar decisiones que pueden favorecer tanto su seguridad como la de los dem\u00e1s.<\/p>\n\n\n\n<p>  <\/p>\n\n\n\n<figure class=\"wp-block-embed is-type-video is-provider-youtube wp-block-embed-youtube wp-embed-aspect-16-9 wp-has-aspect-ratio\"><div class=\"wp-block-embed__wrapper\">\n<div class=\"video-container\"><iframe loading=\"lazy\" title=\"Medidas de protecci\u00f3n ante Riesgo de Incendio Forestal\" width=\"500\" height=\"281\" src=\"https:\/\/www.youtube.com\/embed\/sanNxmAzrvQ?feature=oembed&#038;wmode=opaque\" frameborder=\"0\" allow=\"accelerometer; autoplay; clipboard-write; encrypted-media; gyroscope; picture-in-picture; web-share\" referrerpolicy=\"strict-origin-when-cross-origin\" allowfullscreen><\/iframe><\/div>\n<\/div><\/figure>\n","protected":false},"excerpt":{"rendered":"<p>LOS INCENDIOS FORESTALES: UNA RESPONSABILIDAD COMPARTIDA Los incendios forestales son uno de los fen\u00f3menos de car\u00e1cter natural que pueden ocasionar situaciones de riesgo para las personas. Adem\u00e1s constituyen un problema medioambiental muy grave. Un&#46;&#46;&#46;<\/p>\n","protected":false},"author":21,"featured_media":0,"parent":0,"menu_order":0,"comment_status":"closed","ping_status":"closed","template":"","meta":{"_price":"","_stock":"","_tribe_ticket_header":"","_tribe_default_ticket_provider":"","_tribe_ticket_capacity":"0","_ticket_start_date":"","_ticket_end_date":"","_tribe_ticket_show_description":"","_tribe_ticket_show_not_going":false,"_tribe_ticket_use_global_stock":"","_tribe_ticket_global_stock_level":"","_global_stock_mode":"","_global_stock_cap":"","_tribe_rsvp_for_event":"","_tribe_ticket_going_count":"","_tribe_ticket_not_going_count":"","_tribe_tickets_list":"[]","_tribe_ticket_has_attendee_info_fields":false,"_kadence_starter_templates_imported_post":false,"footnotes":"","_tec_slr_enabled":"","_tec_slr_layout":""},"class_list":["post-465","page","type-page","status-publish","hentry"],"featured_image_src":null,"featured_image_src_square":null,"ticketed":false,"_links":{"self":[{"href":"https:\/\/maralboran.eu\/autoproteccion\/wp-json\/wp\/v2\/pages\/465","targetHints":{"allow":["GET"]}}],"collection":[{"href":"https:\/\/maralboran.eu\/autoproteccion\/wp-json\/wp\/v2\/pages"}],"about":[{"href":"https:\/\/maralboran.eu\/autoproteccion\/wp-json\/wp\/v2\/types\/page"}],"author":[{"embeddable":true,"href":"https:\/\/maralboran.eu\/autoproteccion\/wp-json\/wp\/v2\/users\/21"}],"replies":[{"embeddable":true,"href":"https:\/\/maralboran.eu\/autoproteccion\/wp-json\/wp\/v2\/comments?post=465"}],"version-history":[{"count":4,"href":"https:\/\/maralboran.eu\/autoproteccion\/wp-json\/wp\/v2\/pages\/465\/revisions"}],"predecessor-version":[{"id":521,"href":"https:\/\/maralboran.eu\/autoproteccion\/wp-json\/wp\/v2\/pages\/465\/revisions\/521"}],"wp:attachment":[{"href":"https:\/\/maralboran.eu\/autoproteccion\/wp-json\/wp\/v2\/media?parent=465"}],"curies":[{"name":"wp","href":"https:\/\/api.w.org\/{rel}","templated":true}]}}

<h5 class="wp-block-heading"><strong><mark>LOS INCENDIOS FORESTALES: UNA RESPONSABILIDAD COMPARTIDA</mark></strong></h5>



<p>Los incendios forestales son uno de los fenómenos de carácter natural que pueden ocasionar situaciones de riesgo para las personas. Además constituyen un problema medioambiental muy grave.</p>



<p><strong>Un comportamiento responsable</strong>, procurando no encender fuego en el campo cuando exista riesgo de incendio, es <strong>la mejor medida para evitar los incendios forestales</strong></p>



<h5 class="wp-block-heading"><strong><mark>MEDIDAS DE PREVENCION ANTE LOS INCENDIOS FORESTALES</mark></strong></h5>



<p>Entre las medidas de prevención que se pueden adoptar, conviene recordar algunas que, aunque parezcan conocidas, tienden a olvidarse con frecuencia, como la de <strong>tener la precaución de</strong></p>



<div id="section-g321745" class="wp-block-gutentor-e7 section-g321745 gutentor-element gutentor-element-list"><ul class="grid-row gutentor-grid-item-wrap list-indicator-icon"><li class="gutentor-list-item grid-lg-12 grid-md-12 grid-12"><span class="gutentor-single-item gutentor-single-item-0"><span class="gutentor-list-item-wrap g-s-list-wrap"><span class="gutentor-single-list-item-icon"><i class="list-item-icon fas fa-arrow-right"></i></span><span class="gutentor-list-item"><p class="gutentor-single-item-title">Apagar bien las cerillas y cigarrillos y no tirarlos por las ventanillas del coche.</p></span></span></span></li><li class="gutentor-list-item grid-lg-12 grid-md-12 grid-12"><span class="gutentor-single-item gutentor-single-item-1"><span class="gutentor-list-item-wrap g-s-list-wrap"><span class="gutentor-single-list-item-icon"><i class="list-item-icon fas fa-arrow-right"></i></span><span class="gutentor-list-item"><p class="gutentor-single-item-title">No abandonar en el bosque botellas y objetos de cristal.</p></span></span></span></li><li class="gutentor-list-item grid-lg-12 grid-md-12 grid-12"><span class="gutentor-single-item gutentor-single-item-2"><span class="gutentor-list-item-wrap g-s-list-wrap"><span class="gutentor-single-list-item-icon"><i class="list-item-icon fas fa-arrow-right"></i></span><span class="gutentor-list-item"><p class="gutentor-single-item-title">Encender fuego solamente en lugares autorizados y acondicionados para ello. Tener un cuidado especial al apagarlo, asegurándose que no quede ningún rescoldo que lo pueda reavivar y con ello iniciar un incendio.</p></span></span></span></li></ul></div>



<p>   </p>



<p> </p>



<p>Si observa un incendio forestal o una columna de humo dentro del monte, es importante avisar lo más rápidamente posible a alguno de los servicios de emergencia más próximos, como Servicios Forestales, Bomberos, Policía, Guardia Civil o Protección Civil.</p>



<p> </p>



<p><strong>En caso de condiciones meteorológicas que favorezcan la propagación de incendios, hay que abstenerse de encender fuego en el campo con cualquier finalidad.</strong></p>



<div id="section-g78531d" class="wp-block-gutentor-e6 section-g78531d gutentor-element gutentor-element-image"><div class="gutentor-element-image-box"><div class="gutentor-image-thumb"><img decoding="async" class="normal-image" src="https://maralboran.eu/autoproteccion/wp-content/uploads/sites/40/2023/10/IF_PREVENCION_CASACAMPO.png" /></div></div></div>



<p>  </p>



<div id="section-g513063" class="wp-block-gutentor-e6 section-g513063 gutentor-element gutentor-element-image"><div class="gutentor-element-image-box"><div class="gutentor-image-thumb"><img decoding="async" class="normal-image" src="https://maralboran.eu/autoproteccion/wp-content/uploads/sites/40/2023/10/IF_PREVENCION_MONTES.png" /></div></div></div>



<p>  </p>



<div id="section-g959f23" class="wp-block-gutentor-e6 section-g959f23 gutentor-element gutentor-element-image"><div class="gutentor-element-image-box"><div class="gutentor-image-thumb"><img decoding="async" class="normal-image" src="https://maralboran.eu/autoproteccion/wp-content/uploads/sites/40/2023/10/IF_PREVENCION_RASTROJOS.png" /></div></div></div>



<h5 class="wp-block-heading"><strong><mark><strong>MEDIDAS DE AUTOPROTECCION ANTE LOS INCENDIOS FORESTALES</strong></mark></strong></h5>



<p><strong>Conocer el entorno</strong> y los riesgos con los que puede encontrarse, <strong>ayuda a tomar medidas</strong> para evitar que éstos se produzcan.</p>



<p>Por eso, en épocas de riesgo de incendio, para adentrarse en el monte es necesario conocer bien el terreno, las vías de comunicación y caminos alternativos y procurar caminar siempre por zonas de gran visibilidad.</p>



<p><strong>Si se encuentra en las proximidades de un incendio</strong></p>



<div id="section-g9cd1aa" class="wp-block-gutentor-e7 section-g9cd1aa gutentor-element gutentor-element-list"><ul class="grid-row gutentor-grid-item-wrap list-indicator-icon"><li class="gutentor-list-item grid-lg-12 grid-md-12 grid-12"><span class="gutentor-single-item gutentor-single-item-0"><span class="gutentor-list-item-wrap g-s-list-wrap"><span class="gutentor-single-list-item-icon"><i class="list-item-icon fas fa-arrow-right"></i></span><span class="gutentor-list-item"><p class="gutentor-single-item-title">Trate de alejarse por las zonas laterales del mismo y más desprovistas de vegetación.</p></span></span></span></li><li class="gutentor-list-item grid-lg-12 grid-md-12 grid-12"><span class="gutentor-single-item gutentor-single-item-1"><span class="gutentor-list-item-wrap g-s-list-wrap"><span class="gutentor-single-list-item-icon"><i class="list-item-icon fas fa-arrow-right"></i></span><span class="gutentor-list-item"><p class="gutentor-single-item-title">Recuerde que un cambio en la dirección del viento puede hacer que el fuego le rodee. Por tanto, vaya siempre en sentido contrario a la dirección del viento.</p></span></span></span></li><li class="gutentor-list-item grid-lg-12 grid-md-12 grid-12"><span class="gutentor-single-item gutentor-single-item-2"><span class="gutentor-list-item-wrap g-s-list-wrap"><span class="gutentor-single-list-item-icon"><i class="list-item-icon fas fa-arrow-right"></i></span><span class="gutentor-list-item"><p class="gutentor-single-item-title">Procure no dirigirse hacia barrancos u hondonadas, ni intente escapar ladera arriba cuando el fuego ascienda por ella.</p></span></span></span></li></ul></div>



<p>  </p>



<div id="section-g379fd3" class="wp-block-gutentor-e6 section-g379fd3 gutentor-element gutentor-element-image"><div class="gutentor-element-image-box"><div class="gutentor-image-thumb"><img decoding="async" class="normal-image" src="https://maralboran.eu/autoproteccion/wp-content/uploads/sites/40/2023/10/IF_AUTOPROTECCION_INCENDIO_CERCANIACASACAMPO.png" /></div></div></div>



<p>  </p>



<div id="section-g471c43" class="wp-block-gutentor-e6 section-g471c43 gutentor-element gutentor-element-image"><div class="gutentor-element-image-box"><div class="gutentor-image-thumb"><img decoding="async" class="normal-image" src="https://maralboran.eu/autoproteccion/wp-content/uploads/sites/40/2023/10/IF_AUTOPROTECCION_PROX_INCENDIO.png" /></div></div></div>



<p>  </p>



<h5 class="wp-block-heading"><strong><mark><strong><strong>RECUERDE</strong></strong></mark></strong></h5>



<p>Las medidas de <strong>prevención</strong> ayudan a reducir el daño que puede derivarse de los desastres.</p>



<p>En caso de emergencia, conocer algunas pautas de <strong>autoprotección</strong>, ayuda a tomar decisiones que pueden favorecer tanto su seguridad como la de los demás.</p>



<p>  </p>



<figure class="wp-block-embed is-type-video is-provider-youtube wp-block-embed-youtube wp-embed-aspect-16-9 wp-has-aspect-ratio"><div class="wp-block-embed__wrapper">
<div class="video-container"><iframe loading="lazy" title="Medidas de protección ante Riesgo de Incendio Forestal" width="500" height="281" src="https://www.youtube.com/embed/sanNxmAzrvQ?feature=oembed&#038;wmode=opaque" frameborder="0" allow="accelerometer; autoplay; clipboard-write; encrypted-media; gyroscope; picture-in-picture; web-share" referrerpolicy="strict-origin-when-cross-origin" allowfullscreen></iframe></div>
</div></figure>

<p>LOS INCENDIOS FORESTALES: UNA RESPONSABILIDAD COMPARTIDA Los incendios forestales son uno de los fenómenos de carácter natural que pueden ocasionar situaciones de riesgo para las personas. Además constituyen un problema medioambiental muy grave. Un&#46;&#46;&#46;</p>
