{"id":463,"date":"2023-10-11T22:18:33","date_gmt":"2023-10-11T20:18:33","guid":{"rendered":"https:\/\/maralboran.eu\/autoproteccion\/?page_id=463"},"modified":"2023-10-12T14:29:36","modified_gmt":"2023-10-12T12:29:36","slug":"nieve-y-frio","status":"publish","type":"page","link":"https:\/\/maralboran.eu\/autoproteccion\/nieve-y-frio\/","title":{"rendered":"Nieve y Fr\u00edo"},"content":{"rendered":"\n<p><strong>Protecci\u00f3n Civil<\/strong>, en colaboraci\u00f3n con el Instituto Nacional de Meteorolog\u00eda, se encarga de informar a los ciudadanos, a trav\u00e9s de los medios de comunicaci\u00f3n, de aquellos fen\u00f3menos meteorol\u00f3gicos que pueden dar lugar a situaciones de riesgo.<\/p>\n\n\n\n<p>Ante estas situaciones, es muy importante permanecer atento a las informaciones oficiales transmitidas a trav\u00e9s de las emisoras de radio y de otros medios, y seguir las indicaciones que se den.<\/p>\n\n\n\n<p>En concreto, para la zona que nos ocupa es recomendable seguir el&nbsp;<a rel=\"noreferrer noopener\" href=\"https:\/\/www.facebook.com\/PCivilEstepona\/\" target=\"_blank\">Facebook&nbsp;<\/a>o&nbsp;<a rel=\"noreferrer noopener\" href=\"https:\/\/twitter.com\/PCivilEstepona\" target=\"_blank\">Ttwitter&nbsp;<\/a>de Protecci\u00f3n Civil Estepona, donde a trav\u00e9s de esta Red Social se informa a la poblaci\u00f3n en general.<\/p>\n\n\n\n<h5 class=\"wp-block-heading\"><strong><mark>MEDIDAS DE PREVENCION Y AUTOPROTECCION ANTE TEMPORALES DE NIEVE Y FRIO<\/mark><\/strong><\/h5>\n\n\n\n<p><strong>Ante un temporal de nieve y fr\u00edo es conveniente<\/strong><\/p>\n\n\n\n<p> <\/p>\n\n\n\n<p><strong>Si se va a viajar<\/strong><\/p>\n\n\n\n<div id=\"section-g16f1c7\" class=\"wp-block-gutentor-e7 section-g16f1c7 gutentor-element gutentor-element-list\"><ul class=\"grid-row gutentor-grid-item-wrap list-indicator-icon\"><li class=\"gutentor-list-item grid-lg-12 grid-md-12 grid-12\"><span class=\"gutentor-single-item gutentor-single-item-0\"><span class=\"gutentor-list-item-wrap g-s-list-wrap\"><span class=\"gutentor-single-list-item-icon\"><i class=\"list-item-icon fas fa-arrow-right\"><\/i><\/span><span class=\"gutentor-list-item\"><p class=\"gutentor-single-item-title\">Solicitar informaci\u00f3n previa del estado de las carreteras y de la situaci\u00f3n meteorol\u00f3gica.<\/p><\/span><\/span><\/span><\/li><li class=\"gutentor-list-item grid-lg-12 grid-md-12 grid-12\"><span class=\"gutentor-single-item gutentor-single-item-1\"><span class=\"gutentor-list-item-wrap g-s-list-wrap\"><span class=\"gutentor-single-list-item-icon\"><i class=\"list-item-icon fas fa-arrow-right\"><\/i><\/span><span class=\"gutentor-list-item\"><p class=\"gutentor-single-item-title\">Evitar el viaje en coche siempre que no sea necesario y utilizar, a ser posible, transporte p\u00fablico.<\/p><\/span><\/span><\/span><\/li><li class=\"gutentor-list-item grid-lg-12 grid-md-12 grid-12\"><span class=\"gutentor-single-item gutentor-single-item-2\"><span class=\"gutentor-list-item-wrap g-s-list-wrap\"><span class=\"gutentor-single-list-item-icon\"><i class=\"list-item-icon fas fa-arrow-right\"><\/i><\/span><span class=\"gutentor-list-item\"><p class=\"gutentor-single-item-title\">En caso de ser imprescindible la utilizaci\u00f3n del veh\u00edculo, revisar neum\u00e1ticos, anticongelante y frenos. Adem\u00e1s, hay que tener la precauci\u00f3n de llenar el dep\u00f3sito de la gasolina, y llevar cadenas y elementos de abrigo.<\/p><\/span><\/span><\/span><\/li><li class=\"gutentor-list-item grid-lg-12 grid-md-12 grid-12\"><span class=\"gutentor-single-item gutentor-single-item-3\"><span class=\"gutentor-list-item-wrap g-s-list-wrap\"><span class=\"gutentor-single-list-item-icon\"><i class=\"list-item-icon fas fa-arrow-right\"><\/i><\/span><span class=\"gutentor-list-item\"><p class=\"gutentor-single-item-title\">As\u00ed mismo, es recomendable llevar un tel\u00e9fono m\u00f3vil y dispositivo de alimentaci\u00f3n del mismo.<\/p><\/span><\/span><\/span><\/li><li class=\"gutentor-list-item grid-lg-12 grid-md-12 grid-12\"><span class=\"gutentor-single-item gutentor-single-item-4\"><span class=\"gutentor-list-item-wrap g-s-list-wrap\"><span class=\"gutentor-single-list-item-icon\"><i class=\"list-item-icon fas fa-arrow-right\"><\/i><\/span><span class=\"gutentor-list-item\"><p class=\"gutentor-single-item-title\">Ir muy atento para tener especial cuidado con las placas de hielo. Es dif\u00edcil determinar en qu\u00e9 lugar del trayecto pueden haberse formado, aunque generalmente las zonas de umbr\u00eda son las m\u00e1s habituales.<\/p><\/span><\/span><\/span><\/li><\/ul><\/div>\n\n\n\n<p> <\/p>\n\n\n\n<div id=\"section-g9855f3\" class=\"wp-block-gutentor-e6 section-g9855f3 gutentor-element gutentor-element-image\"><div class=\"gutentor-element-image-box\"><div class=\"gutentor-image-thumb\"><img decoding=\"async\" class=\"normal-image\" src=\"https:\/\/maralboran.eu\/autoproteccion\/wp-content\/uploads\/sites\/40\/2023\/10\/IF-PREVENCION-NEVADAS-VIAJAR.png.png\" \/><\/div><\/div><\/div>\n\n\n\n<p><strong>Si queda atrapado por la nieve<\/strong><\/p>\n\n\n\n<div id=\"section-g791869\" class=\"wp-block-gutentor-e7 section-g791869 gutentor-element gutentor-element-list\"><ul class=\"grid-row gutentor-grid-item-wrap list-indicator-icon\"><li class=\"gutentor-list-item grid-lg-12 grid-md-12 grid-12\"><span class=\"gutentor-single-item gutentor-single-item-0\"><span class=\"gutentor-list-item-wrap g-s-list-wrap\"><span class=\"gutentor-single-list-item-icon\"><i class=\"list-item-icon fas fa-arrow-right\"><\/i><\/span><span class=\"gutentor-list-item\"><p class=\"gutentor-single-item-title\">Debe permanecer en el coche, si el temporal le sorprende dentro del mismo.<\/p><\/span><\/span><\/span><\/li><li class=\"gutentor-list-item grid-lg-12 grid-md-12 grid-12\"><span class=\"gutentor-single-item gutentor-single-item-1\"><span class=\"gutentor-list-item-wrap g-s-list-wrap\"><span class=\"gutentor-single-list-item-icon\"><i class=\"list-item-icon fas fa-arrow-right\"><\/i><\/span><span class=\"gutentor-list-item\"><p class=\"gutentor-single-item-title\">Asimismo, es conveniente mantener el motor del veh\u00edculo encendido y la calefacci\u00f3n puesta, cuidando renovar cada cierto tiempo el aire. Es muy importante evitar quedarse dormido.<\/p><\/span><\/span><\/span><\/li><li class=\"gutentor-list-item grid-lg-12 grid-md-12 grid-12\"><span class=\"gutentor-single-item gutentor-single-item-2\"><span class=\"gutentor-list-item-wrap g-s-list-wrap\"><span class=\"gutentor-single-list-item-icon\"><i class=\"list-item-icon fas fa-arrow-right\"><\/i><\/span><span class=\"gutentor-list-item\"><p class=\"gutentor-single-item-title\">Comprobar que se mantiene libre, en todo momento, la salida del tubo de escape para que el humo no penetre en el coche.<\/p><\/span><\/span><\/span><\/li><li class=\"gutentor-list-item grid-lg-12 grid-md-12 grid-12\"><span class=\"gutentor-single-item gutentor-single-item-3\"><span class=\"gutentor-list-item-wrap g-s-list-wrap\"><span class=\"gutentor-single-list-item-icon\"><i class=\"list-item-icon fas fa-arrow-right\"><\/i><\/span><span class=\"gutentor-list-item\"><p class=\"gutentor-single-item-title\">Si es posible, intente sintonizar las emisoras de radio, que seguramente le informar\u00e1n de las predicciones meteorol\u00f3gicas, las informaciones oficiales sobre el estado de la situaci\u00f3n y las indicaciones que se den al respecto.<\/p><\/span><\/span><\/span><\/li><\/ul><\/div>\n\n\n\n<p> <\/p>\n\n\n\n<div id=\"section-g38ac95\" class=\"wp-block-gutentor-e6 section-g38ac95 gutentor-element gutentor-element-image\"><div class=\"gutentor-element-image-box\"><div class=\"gutentor-image-thumb\"><img decoding=\"async\" class=\"normal-image\" src=\"https:\/\/maralboran.eu\/autoproteccion\/wp-content\/uploads\/sites\/40\/2023\/10\/IF-AUTOPROTECCION-NEVADAS-ATRAPADO.png\" \/><\/div><\/div><\/div>\n\n\n\n<p><strong>Precauciones en la monta\u00f1a<\/strong><\/p>\n\n\n\n<p>Si se van a realizar excursiones a la monta\u00f1a, es conveniente adoptar una serie de precauciones, tales como:<\/p>\n\n\n\n<div id=\"section-g90e04b\" class=\"wp-block-gutentor-e7 section-g90e04b gutentor-element gutentor-element-list\"><ul class=\"grid-row gutentor-grid-item-wrap list-indicator-icon\"><li class=\"gutentor-list-item grid-lg-12 grid-md-12 grid-12\"><span class=\"gutentor-single-item gutentor-single-item-0\"><span class=\"gutentor-list-item-wrap g-s-list-wrap\"><span class=\"gutentor-single-list-item-icon\"><i class=\"list-item-icon fas fa-arrow-right\"><\/i><\/span><span class=\"gutentor-list-item\"><p class=\"gutentor-single-item-title\">Informarse de la predicci\u00f3n meteorol\u00f3gica de la zona a la que piensa ir.<\/p><\/span><\/span><\/span><\/li><li class=\"gutentor-list-item grid-lg-12 grid-md-12 grid-12\"><span class=\"gutentor-single-item gutentor-single-item-1\"><span class=\"gutentor-list-item-wrap g-s-list-wrap\"><span class=\"gutentor-single-list-item-icon\"><i class=\"list-item-icon fas fa-arrow-right\"><\/i><\/span><span class=\"gutentor-list-item\"><p class=\"gutentor-single-item-title\">Elegir la zona adecuada, en funci\u00f3n de la preparaci\u00f3n f\u00edsica y del conocimiento que se tenga de la monta\u00f1a.<\/p><\/span><\/span><\/span><\/li><li class=\"gutentor-list-item grid-lg-12 grid-md-12 grid-12\"><span class=\"gutentor-single-item gutentor-single-item-2\"><span class=\"gutentor-list-item-wrap g-s-list-wrap\"><span class=\"gutentor-single-list-item-icon\"><i class=\"list-item-icon fas fa-arrow-right\"><\/i><\/span><span class=\"gutentor-list-item\"><p class=\"gutentor-single-item-title\">Informarse de la localizaci\u00f3n de los refugios o caba\u00f1as donde resguardarse en caso de descenso brusco de temperaturas, tormentas u otras condiciones meteorol\u00f3gicas adversas y llevar tel\u00e9fono m\u00f3vil.<\/p><\/span><\/span><\/span><\/li><li class=\"gutentor-list-item grid-lg-12 grid-md-12 grid-12\"><span class=\"gutentor-single-item gutentor-single-item-3\"><span class=\"gutentor-list-item-wrap g-s-list-wrap\"><span class=\"gutentor-single-list-item-icon\"><i class=\"list-item-icon fas fa-arrow-right\"><\/i><\/span><span class=\"gutentor-list-item\"><p class=\"gutentor-single-item-title\">Prestar atenci\u00f3n y respetar las indicaciones de los carteles y otras se\u00f1alizaciones sobre riesgos de la monta\u00f1a.<\/p><\/span><\/span><\/span><\/li><li class=\"gutentor-list-item grid-lg-12 grid-md-12 grid-12\"><span class=\"gutentor-single-item gutentor-single-item-4\"><span class=\"gutentor-list-item-wrap g-s-list-wrap\"><span class=\"gutentor-single-list-item-icon\"><i class=\"list-item-icon fas fa-arrow-right\"><\/i><\/span><span class=\"gutentor-list-item\"><p class=\"gutentor-single-item-title\">Tener en cuenta que los cambios bruscos de tiempo pueden ser frecuentes en la monta\u00f1a.<\/p><\/span><\/span><\/span><\/li><\/ul><\/div>\n\n\n\n<div id=\"section-gf98c43\" class=\"wp-block-gutentor-e6 section-gf98c43 gutentor-element gutentor-element-image\"><div class=\"gutentor-element-image-box\"><div class=\"gutentor-image-thumb\"><img decoding=\"async\" class=\"normal-image\" src=\"https:\/\/maralboran.eu\/autoproteccion\/wp-content\/uploads\/sites\/40\/2023\/10\/IF-AUTOPROTECCION-NEVADAS-PRECAUCIONES-MONTANA.png\" \/><\/div><\/div><\/div>\n\n\n\n<h5 class=\"wp-block-heading\"><strong><mark><strong>RECUERDE<\/strong><\/mark><\/strong><\/h5>\n\n\n\n<p>Las medidas de <strong>prevenci\u00f3n<\/strong> ayudan a reducir el da\u00f1o que puede derivarse de los desastres.<\/p>\n\n\n\n<p>En caso de emergencia, conocer algunas pautas de <strong>autoprotecci\u00f3n<\/strong>, ayuda a tomar decisiones que pueden favorecer tanto su seguridad como la de los dem\u00e1s.<\/p>\n\n\n\n<div id=\"section-gf85572\" class=\"wp-block-gutentor-e6 section-gf85572 gutentor-element gutentor-element-image\"><div class=\"gutentor-element-image-box\"><div class=\"gutentor-image-thumb\"><img decoding=\"async\" class=\"normal-image\" src=\"https:\/\/maralboran.eu\/autoproteccion\/wp-content\/uploads\/sites\/40\/2023\/10\/RIESGOS_NATURALES_VIVIENDA_NEVADASINTENSAS.png\" \/><\/div><\/div><\/div>\n\n\n\n<p><\/p>\n\n\n\n<div id=\"section-g629980\" class=\"wp-block-gutentor-e6 section-g629980 gutentor-element gutentor-element-image\"><div class=\"gutentor-element-image-box\"><div class=\"gutentor-image-thumb\"><img decoding=\"async\" class=\"normal-image\" src=\"https:\/\/maralboran.eu\/autoproteccion\/wp-content\/uploads\/sites\/40\/2023\/10\/RIESGOS_NATURALES_ZONARURAL_OLAFRIO.png\" \/><\/div><\/div><\/div>\n","protected":false},"excerpt":{"rendered":"<p>Protecci\u00f3n Civil, en colaboraci\u00f3n con el Instituto Nacional de Meteorolog\u00eda, se encarga de informar a los ciudadanos, a trav\u00e9s de los medios de comunicaci\u00f3n, de aquellos fen\u00f3menos meteorol\u00f3gicos que pueden dar lugar a situaciones&#46;&#46;&#46;<\/p>\n","protected":false},"author":21,"featured_media":0,"parent":0,"menu_order":0,"comment_status":"closed","ping_status":"closed","template":"","meta":{"_price":"","_stock":"","_tribe_ticket_header":"","_tribe_default_ticket_provider":"","_tribe_ticket_capacity":"0","_ticket_start_date":"","_ticket_end_date":"","_tribe_ticket_show_description":"","_tribe_ticket_show_not_going":false,"_tribe_ticket_use_global_stock":"","_tribe_ticket_global_stock_level":"","_global_stock_mode":"","_global_stock_cap":"","_tribe_rsvp_for_event":"","_tribe_ticket_going_count":"","_tribe_ticket_not_going_count":"","_tribe_tickets_list":"[]","_tribe_ticket_has_attendee_info_fields":false,"_kadence_starter_templates_imported_post":false,"footnotes":"","_tec_slr_enabled":"","_tec_slr_layout":""},"class_list":["post-463","page","type-page","status-publish","hentry"],"featured_image_src":null,"featured_image_src_square":null,"ticketed":false,"_links":{"self":[{"href":"https:\/\/maralboran.eu\/autoproteccion\/wp-json\/wp\/v2\/pages\/463","targetHints":{"allow":["GET"]}}],"collection":[{"href":"https:\/\/maralboran.eu\/autoproteccion\/wp-json\/wp\/v2\/pages"}],"about":[{"href":"https:\/\/maralboran.eu\/autoproteccion\/wp-json\/wp\/v2\/types\/page"}],"author":[{"embeddable":true,"href":"https:\/\/maralboran.eu\/autoproteccion\/wp-json\/wp\/v2\/users\/21"}],"replies":[{"embeddable":true,"href":"https:\/\/maralboran.eu\/autoproteccion\/wp-json\/wp\/v2\/comments?post=463"}],"version-history":[{"count":2,"href":"https:\/\/maralboran.eu\/autoproteccion\/wp-json\/wp\/v2\/pages\/463\/revisions"}],"predecessor-version":[{"id":511,"href":"https:\/\/maralboran.eu\/autoproteccion\/wp-json\/wp\/v2\/pages\/463\/revisions\/511"}],"wp:attachment":[{"href":"https:\/\/maralboran.eu\/autoproteccion\/wp-json\/wp\/v2\/media?parent=463"}],"curies":[{"name":"wp","href":"https:\/\/api.w.org\/{rel}","templated":true}]}}

Nieve y Frío

<p><strong>Protección Civil</strong>, en colaboración con el Instituto Nacional de Meteorología, se encarga de informar a los ciudadanos, a través de los medios de comunicación, de aquellos fenómenos meteorológicos que pueden dar lugar a situaciones de riesgo.</p>



<p>Ante estas situaciones, es muy importante permanecer atento a las informaciones oficiales transmitidas a través de las emisoras de radio y de otros medios, y seguir las indicaciones que se den.</p>



<p>En concreto, para la zona que nos ocupa es recomendable seguir el&nbsp;<a rel="noreferrer noopener" href="https://www.facebook.com/PCivilEstepona/" target="_blank">Facebook&nbsp;</a>o&nbsp;<a rel="noreferrer noopener" href="https://twitter.com/PCivilEstepona" target="_blank">Ttwitter&nbsp;</a>de Protección Civil Estepona, donde a través de esta Red Social se informa a la población en general.</p>



<h5 class="wp-block-heading"><strong><mark>MEDIDAS DE PREVENCION Y AUTOPROTECCION ANTE TEMPORALES DE NIEVE Y FRIO</mark></strong></h5>



<p><strong>Ante un temporal de nieve y frío es conveniente</strong></p>



<p> </p>



<p><strong>Si se va a viajar</strong></p>



<div id="section-g16f1c7" class="wp-block-gutentor-e7 section-g16f1c7 gutentor-element gutentor-element-list"><ul class="grid-row gutentor-grid-item-wrap list-indicator-icon"><li class="gutentor-list-item grid-lg-12 grid-md-12 grid-12"><span class="gutentor-single-item gutentor-single-item-0"><span class="gutentor-list-item-wrap g-s-list-wrap"><span class="gutentor-single-list-item-icon"><i class="list-item-icon fas fa-arrow-right"></i></span><span class="gutentor-list-item"><p class="gutentor-single-item-title">Solicitar información previa del estado de las carreteras y de la situación meteorológica.</p></span></span></span></li><li class="gutentor-list-item grid-lg-12 grid-md-12 grid-12"><span class="gutentor-single-item gutentor-single-item-1"><span class="gutentor-list-item-wrap g-s-list-wrap"><span class="gutentor-single-list-item-icon"><i class="list-item-icon fas fa-arrow-right"></i></span><span class="gutentor-list-item"><p class="gutentor-single-item-title">Evitar el viaje en coche siempre que no sea necesario y utilizar, a ser posible, transporte público.</p></span></span></span></li><li class="gutentor-list-item grid-lg-12 grid-md-12 grid-12"><span class="gutentor-single-item gutentor-single-item-2"><span class="gutentor-list-item-wrap g-s-list-wrap"><span class="gutentor-single-list-item-icon"><i class="list-item-icon fas fa-arrow-right"></i></span><span class="gutentor-list-item"><p class="gutentor-single-item-title">En caso de ser imprescindible la utilización del vehículo, revisar neumáticos, anticongelante y frenos. Además, hay que tener la precaución de llenar el depósito de la gasolina, y llevar cadenas y elementos de abrigo.</p></span></span></span></li><li class="gutentor-list-item grid-lg-12 grid-md-12 grid-12"><span class="gutentor-single-item gutentor-single-item-3"><span class="gutentor-list-item-wrap g-s-list-wrap"><span class="gutentor-single-list-item-icon"><i class="list-item-icon fas fa-arrow-right"></i></span><span class="gutentor-list-item"><p class="gutentor-single-item-title">Así mismo, es recomendable llevar un teléfono móvil y dispositivo de alimentación del mismo.</p></span></span></span></li><li class="gutentor-list-item grid-lg-12 grid-md-12 grid-12"><span class="gutentor-single-item gutentor-single-item-4"><span class="gutentor-list-item-wrap g-s-list-wrap"><span class="gutentor-single-list-item-icon"><i class="list-item-icon fas fa-arrow-right"></i></span><span class="gutentor-list-item"><p class="gutentor-single-item-title">Ir muy atento para tener especial cuidado con las placas de hielo. Es difícil determinar en qué lugar del trayecto pueden haberse formado, aunque generalmente las zonas de umbría son las más habituales.</p></span></span></span></li></ul></div>



<p> </p>



<div id="section-g9855f3" class="wp-block-gutentor-e6 section-g9855f3 gutentor-element gutentor-element-image"><div class="gutentor-element-image-box"><div class="gutentor-image-thumb"><img decoding="async" class="normal-image" src="https://maralboran.eu/autoproteccion/wp-content/uploads/sites/40/2023/10/IF-PREVENCION-NEVADAS-VIAJAR.png.png" /></div></div></div>



<p><strong>Si queda atrapado por la nieve</strong></p>



<div id="section-g791869" class="wp-block-gutentor-e7 section-g791869 gutentor-element gutentor-element-list"><ul class="grid-row gutentor-grid-item-wrap list-indicator-icon"><li class="gutentor-list-item grid-lg-12 grid-md-12 grid-12"><span class="gutentor-single-item gutentor-single-item-0"><span class="gutentor-list-item-wrap g-s-list-wrap"><span class="gutentor-single-list-item-icon"><i class="list-item-icon fas fa-arrow-right"></i></span><span class="gutentor-list-item"><p class="gutentor-single-item-title">Debe permanecer en el coche, si el temporal le sorprende dentro del mismo.</p></span></span></span></li><li class="gutentor-list-item grid-lg-12 grid-md-12 grid-12"><span class="gutentor-single-item gutentor-single-item-1"><span class="gutentor-list-item-wrap g-s-list-wrap"><span class="gutentor-single-list-item-icon"><i class="list-item-icon fas fa-arrow-right"></i></span><span class="gutentor-list-item"><p class="gutentor-single-item-title">Asimismo, es conveniente mantener el motor del vehículo encendido y la calefacción puesta, cuidando renovar cada cierto tiempo el aire. Es muy importante evitar quedarse dormido.</p></span></span></span></li><li class="gutentor-list-item grid-lg-12 grid-md-12 grid-12"><span class="gutentor-single-item gutentor-single-item-2"><span class="gutentor-list-item-wrap g-s-list-wrap"><span class="gutentor-single-list-item-icon"><i class="list-item-icon fas fa-arrow-right"></i></span><span class="gutentor-list-item"><p class="gutentor-single-item-title">Comprobar que se mantiene libre, en todo momento, la salida del tubo de escape para que el humo no penetre en el coche.</p></span></span></span></li><li class="gutentor-list-item grid-lg-12 grid-md-12 grid-12"><span class="gutentor-single-item gutentor-single-item-3"><span class="gutentor-list-item-wrap g-s-list-wrap"><span class="gutentor-single-list-item-icon"><i class="list-item-icon fas fa-arrow-right"></i></span><span class="gutentor-list-item"><p class="gutentor-single-item-title">Si es posible, intente sintonizar las emisoras de radio, que seguramente le informarán de las predicciones meteorológicas, las informaciones oficiales sobre el estado de la situación y las indicaciones que se den al respecto.</p></span></span></span></li></ul></div>



<p> </p>



<div id="section-g38ac95" class="wp-block-gutentor-e6 section-g38ac95 gutentor-element gutentor-element-image"><div class="gutentor-element-image-box"><div class="gutentor-image-thumb"><img decoding="async" class="normal-image" src="https://maralboran.eu/autoproteccion/wp-content/uploads/sites/40/2023/10/IF-AUTOPROTECCION-NEVADAS-ATRAPADO.png" /></div></div></div>



<p><strong>Precauciones en la montaña</strong></p>



<p>Si se van a realizar excursiones a la montaña, es conveniente adoptar una serie de precauciones, tales como:</p>



<div id="section-g90e04b" class="wp-block-gutentor-e7 section-g90e04b gutentor-element gutentor-element-list"><ul class="grid-row gutentor-grid-item-wrap list-indicator-icon"><li class="gutentor-list-item grid-lg-12 grid-md-12 grid-12"><span class="gutentor-single-item gutentor-single-item-0"><span class="gutentor-list-item-wrap g-s-list-wrap"><span class="gutentor-single-list-item-icon"><i class="list-item-icon fas fa-arrow-right"></i></span><span class="gutentor-list-item"><p class="gutentor-single-item-title">Informarse de la predicción meteorológica de la zona a la que piensa ir.</p></span></span></span></li><li class="gutentor-list-item grid-lg-12 grid-md-12 grid-12"><span class="gutentor-single-item gutentor-single-item-1"><span class="gutentor-list-item-wrap g-s-list-wrap"><span class="gutentor-single-list-item-icon"><i class="list-item-icon fas fa-arrow-right"></i></span><span class="gutentor-list-item"><p class="gutentor-single-item-title">Elegir la zona adecuada, en función de la preparación física y del conocimiento que se tenga de la montaña.</p></span></span></span></li><li class="gutentor-list-item grid-lg-12 grid-md-12 grid-12"><span class="gutentor-single-item gutentor-single-item-2"><span class="gutentor-list-item-wrap g-s-list-wrap"><span class="gutentor-single-list-item-icon"><i class="list-item-icon fas fa-arrow-right"></i></span><span class="gutentor-list-item"><p class="gutentor-single-item-title">Informarse de la localización de los refugios o cabañas donde resguardarse en caso de descenso brusco de temperaturas, tormentas u otras condiciones meteorológicas adversas y llevar teléfono móvil.</p></span></span></span></li><li class="gutentor-list-item grid-lg-12 grid-md-12 grid-12"><span class="gutentor-single-item gutentor-single-item-3"><span class="gutentor-list-item-wrap g-s-list-wrap"><span class="gutentor-single-list-item-icon"><i class="list-item-icon fas fa-arrow-right"></i></span><span class="gutentor-list-item"><p class="gutentor-single-item-title">Prestar atención y respetar las indicaciones de los carteles y otras señalizaciones sobre riesgos de la montaña.</p></span></span></span></li><li class="gutentor-list-item grid-lg-12 grid-md-12 grid-12"><span class="gutentor-single-item gutentor-single-item-4"><span class="gutentor-list-item-wrap g-s-list-wrap"><span class="gutentor-single-list-item-icon"><i class="list-item-icon fas fa-arrow-right"></i></span><span class="gutentor-list-item"><p class="gutentor-single-item-title">Tener en cuenta que los cambios bruscos de tiempo pueden ser frecuentes en la montaña.</p></span></span></span></li></ul></div>



<div id="section-gf98c43" class="wp-block-gutentor-e6 section-gf98c43 gutentor-element gutentor-element-image"><div class="gutentor-element-image-box"><div class="gutentor-image-thumb"><img decoding="async" class="normal-image" src="https://maralboran.eu/autoproteccion/wp-content/uploads/sites/40/2023/10/IF-AUTOPROTECCION-NEVADAS-PRECAUCIONES-MONTANA.png" /></div></div></div>



<h5 class="wp-block-heading"><strong><mark><strong>RECUERDE</strong></mark></strong></h5>



<p>Las medidas de <strong>prevención</strong> ayudan a reducir el daño que puede derivarse de los desastres.</p>



<p>En caso de emergencia, conocer algunas pautas de <strong>autoprotección</strong>, ayuda a tomar decisiones que pueden favorecer tanto su seguridad como la de los demás.</p>



<div id="section-gf85572" class="wp-block-gutentor-e6 section-gf85572 gutentor-element gutentor-element-image"><div class="gutentor-element-image-box"><div class="gutentor-image-thumb"><img decoding="async" class="normal-image" src="https://maralboran.eu/autoproteccion/wp-content/uploads/sites/40/2023/10/RIESGOS_NATURALES_VIVIENDA_NEVADASINTENSAS.png" /></div></div></div>



<p></p>



<div id="section-g629980" class="wp-block-gutentor-e6 section-g629980 gutentor-element gutentor-element-image"><div class="gutentor-element-image-box"><div class="gutentor-image-thumb"><img decoding="async" class="normal-image" src="https://maralboran.eu/autoproteccion/wp-content/uploads/sites/40/2023/10/RIESGOS_NATURALES_ZONARURAL_OLAFRIO.png" /></div></div></div>

<p>Protección Civil, en colaboración con el Instituto Nacional de Meteorología, se encarga de informar a los ciudadanos, a través de los medios de comunicación, de aquellos fenómenos meteorológicos que pueden dar lugar a situaciones&#46;&#46;&#46;</p>
