{"id":445,"date":"2023-10-10T23:36:17","date_gmt":"2023-10-10T21:36:17","guid":{"rendered":"https:\/\/maralboran.eu\/autoproteccion\/?page_id=445"},"modified":"2023-10-12T14:09:33","modified_gmt":"2023-10-12T12:09:33","slug":"vientos-fuertes","status":"publish","type":"page","link":"https:\/\/maralboran.eu\/autoproteccion\/vientos-fuertes\/","title":{"rendered":"Vientos Fuertes"},"content":{"rendered":"\n<p><strong>Protecci\u00f3n Civil<\/strong>, en colaboraci\u00f3n con el Instituto Nacional de Meteorolog\u00eda, se encarga de informar a los ciudadanos, a trav\u00e9s de los medios de comunicaci\u00f3n, de aquellos fen\u00f3menos meteorol\u00f3gicos que pueden dar lugar a situaciones de riesgo.<\/p>\n\n\n\n<p>Ante estas situaciones, es muy importante permanecer atento a las informaciones oficiales transmitidas a trav\u00e9s de las emisoras de radio y de otros medios, y seguir las indicaciones que se den.<\/p>\n\n\n\n<p>En concreto, para la zona que nos ocupa es recomendable seguir el&nbsp;<a href=\"https:\/\/www.facebook.com\/PCivilEstepona\/\" target=\"_blank\" rel=\"noreferrer noopener\">Facebook&nbsp;<\/a>o&nbsp;<a href=\"https:\/\/twitter.com\/PCivilEstepona\" target=\"_blank\" rel=\"noreferrer noopener\">Ttwitter&nbsp;<\/a>de Protecci\u00f3n Civil Estepona, donde a trav\u00e9s de esta Red Social se informa a la poblaci\u00f3n en general.<\/p>\n\n\n\n<h5 class=\"wp-block-heading\"><strong><mark>RECOMENDACIONES DE PREVENCION Y AUTOPROTECCION ANTE VIENTOS FUERTES<\/mark><\/strong><\/h5>\n\n\n\n<p><strong>\u00bf Qu\u00e9 puedes hacer ante la predicci\u00f3n o presencia de vientos fuertes ?<\/strong><\/p>\n\n\n\n<p>Es importante informarse de las condiciones meteorol\u00f3gicas previstas y estar atento a las indicaciones que se vayan dando.<\/p>\n\n\n\n<p>Como <strong>medida de precauci\u00f3n<\/strong> ante vientos de gran intensidad conviene:<\/p>\n\n\n\n<div id=\"section-g3e8999\" class=\"wp-block-gutentor-e7 section-g3e8999 gutentor-element gutentor-element-list\"><ul class=\"grid-row gutentor-grid-item-wrap list-indicator-icon\"><li class=\"gutentor-list-item grid-lg-12 grid-md-12 grid-12\"><span class=\"gutentor-single-item gutentor-single-item-0\"><span class=\"gutentor-list-item-wrap g-s-list-wrap\"><span class=\"gutentor-single-list-item-icon\"><i class=\"list-item-icon fas fa-arrow-right\"><\/i><\/span><span class=\"gutentor-list-item\"><p class=\"gutentor-single-item-title\">Cerrar y asegurar puertas, ventanas o toldos.<\/p><\/span><\/span><\/span><\/li><li class=\"gutentor-list-item grid-lg-12 grid-md-12 grid-12\"><span class=\"gutentor-single-item gutentor-single-item-1\"><span class=\"gutentor-list-item-wrap g-s-list-wrap\"><span class=\"gutentor-single-list-item-icon\"><i class=\"list-item-icon fas fa-arrow-right\"><\/i><\/span><span class=\"gutentor-list-item\"><p class=\"gutentor-single-item-title\">Retirar macetas y todos aquellos objetos que puedan caer a la calle y provocar un accidente.<\/p><\/span><\/span><\/span><\/li><\/ul><\/div>\n\n\n\n<div id=\"section-g7bbd30\" class=\"wp-block-gutentor-e6 section-g7bbd30 gutentor-element gutentor-element-image\"><div class=\"gutentor-element-image-box\"><div class=\"gutentor-image-thumb\"><img decoding=\"async\" class=\"normal-image\" src=\"https:\/\/maralboran.eu\/autoproteccion\/wp-content\/uploads\/sites\/40\/2023\/10\/IF-AUTOPROTECCION-VIENTOS-FUERTES.png\" \/><\/div><\/div><\/div>\n\n\n\n<p><strong>Si te encuentras en la calle o en el campo<\/strong><\/p>\n\n\n\n<div id=\"section-gc5ac78\" class=\"wp-block-gutentor-e7 section-gc5ac78 gutentor-element gutentor-element-list\"><ul class=\"grid-row gutentor-grid-item-wrap list-indicator-icon\"><li class=\"gutentor-list-item grid-lg-12 grid-md-12 grid-12\"><span class=\"gutentor-single-item gutentor-single-item-0\"><span class=\"gutentor-list-item-wrap g-s-list-wrap\"><span class=\"gutentor-single-list-item-icon\"><i class=\"list-item-icon fas fa-arrow-right\"><\/i><\/span><span class=\"gutentor-list-item\"><p class=\"gutentor-single-item-title\">Es conveniente alejarse de cornisas, muros o \u00e1rboles, que puedan llegar a desprenderse y tomar precauciones delante de edificaciones en construcci\u00f3n o en mal estado.<\/p><\/span><\/span><\/span><\/li><li class=\"gutentor-list-item grid-lg-12 grid-md-12 grid-12\"><span class=\"gutentor-single-item gutentor-single-item-1\"><span class=\"gutentor-list-item-wrap g-s-list-wrap\"><span class=\"gutentor-single-list-item-icon\"><i class=\"list-item-icon fas fa-arrow-right\"><\/i><\/span><span class=\"gutentor-list-item\"><p class=\"gutentor-single-item-title\">Abstenerse de subir a andamios, sin las adecuadas medidas de protecci\u00f3n.<\/p><\/span><\/span><\/span><\/li><\/ul><\/div>\n\n\n\n<p><strong>Si vas a viajar<\/strong><\/p>\n\n\n\n<div id=\"section-ge3075d\" class=\"wp-block-gutentor-e7 section-ge3075d gutentor-element gutentor-element-list\"><ul class=\"grid-row gutentor-grid-item-wrap list-indicator-icon\"><li class=\"gutentor-list-item grid-lg-12 grid-md-12 grid-12\"><span class=\"gutentor-single-item gutentor-single-item-0\"><span class=\"gutentor-list-item-wrap g-s-list-wrap\"><span class=\"gutentor-single-list-item-icon\"><i class=\"list-item-icon fas fa-arrow-right\"><\/i><\/span><span class=\"gutentor-list-item\"><p class=\"gutentor-single-item-title\">Ante la predicci\u00f3n de vendavales hay que procurar evitar los desplazamientos por carretera y si es necesario hacerlos, extremar las precauciones por la posible presencia de obst\u00e1culos en la v\u00eda.<\/p><\/span><\/span><\/span><\/li><li class=\"gutentor-list-item grid-lg-12 grid-md-12 grid-12\"><span class=\"gutentor-single-item gutentor-single-item-1\"><span class=\"gutentor-list-item-wrap g-s-list-wrap\"><span class=\"gutentor-single-list-item-icon\"><i class=\"list-item-icon fas fa-arrow-right\"><\/i><\/span><span class=\"gutentor-list-item\"><p class=\"gutentor-single-item-title\">En todo caso, inf\u00f3rmate de las condiciones meteorol\u00f3gicas de la zona a la que te diriges.<\/p><\/span><\/span><\/span><\/li><\/ul><\/div>\n\n\n\n<div id=\"section-g60e00c\" class=\"wp-block-gutentor-e6 section-g60e00c gutentor-element gutentor-element-image\"><div class=\"gutentor-element-image-box\"><div class=\"gutentor-image-thumb\"><img decoding=\"async\" class=\"normal-image\" src=\"https:\/\/maralboran.eu\/autoproteccion\/wp-content\/uploads\/sites\/40\/2023\/10\/IF-AUTOPROTECCION-VIENTOS-FUERTES-SI-VIAJAS.png\" \/><\/div><\/div><\/div>\n\n\n\n<p><strong>Si te encuentras en zonas mar\u00edtimas<\/strong><\/p>\n\n\n\n<div id=\"section-g5f5570\" class=\"wp-block-gutentor-e7 section-g5f5570 gutentor-element gutentor-element-list\"><ul class=\"grid-row gutentor-grid-item-wrap list-indicator-icon\"><li class=\"gutentor-list-item grid-lg-12 grid-md-12 grid-12\"><span class=\"gutentor-single-item gutentor-single-item-0\"><span class=\"gutentor-list-item-wrap g-s-list-wrap\"><span class=\"gutentor-single-list-item-icon\"><i class=\"list-item-icon fas fa-arrow-right\"><\/i><\/span><span class=\"gutentor-list-item\"><p class=\"gutentor-single-item-title\">Hay que procurar alejarse de la playa y de otros lugares bajos que puedan ser afectados por las elevadas mareas y oleajes que suelen generarse ante la intensidad de vientos fuertes.<\/p><\/span><\/span><\/span><\/li><li class=\"gutentor-list-item grid-lg-12 grid-md-12 grid-12\"><span class=\"gutentor-single-item gutentor-single-item-1\"><span class=\"gutentor-list-item-wrap g-s-list-wrap\"><span class=\"gutentor-single-list-item-icon\"><i class=\"list-item-icon fas fa-arrow-right\"><\/i><\/span><span class=\"gutentor-list-item\"><p class=\"gutentor-single-item-title\">En estas situaciones, el mar adquiere condiciones extraordinarias y puede arrastrarle si se encuentra en la proximidad del mar.<\/p><\/span><\/span><\/span><\/li><\/ul><\/div>\n\n\n\n<div id=\"section-gaa246d\" class=\"wp-block-gutentor-e6 section-gaa246d gutentor-element gutentor-element-image\"><div class=\"gutentor-element-image-box\"><div class=\"gutentor-image-thumb\"><img decoding=\"async\" class=\"normal-image\" src=\"https:\/\/maralboran.eu\/autoproteccion\/wp-content\/uploads\/sites\/40\/2023\/10\/IF-VIENTOS-FUERTES-ZONAS-MARITIMAS.png\" \/><\/div><\/div><\/div>\n","protected":false},"excerpt":{"rendered":"<p>Protecci\u00f3n Civil, en colaboraci\u00f3n con el Instituto Nacional de Meteorolog\u00eda, se encarga de informar a los ciudadanos, a trav\u00e9s de los medios de comunicaci\u00f3n, de aquellos fen\u00f3menos meteorol\u00f3gicos que pueden dar lugar a situaciones&#46;&#46;&#46;<\/p>\n","protected":false},"author":21,"featured_media":0,"parent":0,"menu_order":0,"comment_status":"closed","ping_status":"closed","template":"","meta":{"_price":"","_stock":"","_tribe_ticket_header":"","_tribe_default_ticket_provider":"","_tribe_ticket_capacity":"0","_ticket_start_date":"","_ticket_end_date":"","_tribe_ticket_show_description":"","_tribe_ticket_show_not_going":false,"_tribe_ticket_use_global_stock":"","_tribe_ticket_global_stock_level":"","_global_stock_mode":"","_global_stock_cap":"","_tribe_rsvp_for_event":"","_tribe_ticket_going_count":"","_tribe_ticket_not_going_count":"","_tribe_tickets_list":"[]","_tribe_ticket_has_attendee_info_fields":false,"_kadence_starter_templates_imported_post":false,"footnotes":"","_tec_slr_enabled":"","_tec_slr_layout":""},"class_list":["post-445","page","type-page","status-publish","hentry"],"featured_image_src":null,"featured_image_src_square":null,"ticketed":false,"_links":{"self":[{"href":"https:\/\/maralboran.eu\/autoproteccion\/wp-json\/wp\/v2\/pages\/445","targetHints":{"allow":["GET"]}}],"collection":[{"href":"https:\/\/maralboran.eu\/autoproteccion\/wp-json\/wp\/v2\/pages"}],"about":[{"href":"https:\/\/maralboran.eu\/autoproteccion\/wp-json\/wp\/v2\/types\/page"}],"author":[{"embeddable":true,"href":"https:\/\/maralboran.eu\/autoproteccion\/wp-json\/wp\/v2\/users\/21"}],"replies":[{"embeddable":true,"href":"https:\/\/maralboran.eu\/autoproteccion\/wp-json\/wp\/v2\/comments?post=445"}],"version-history":[{"count":2,"href":"https:\/\/maralboran.eu\/autoproteccion\/wp-json\/wp\/v2\/pages\/445\/revisions"}],"predecessor-version":[{"id":497,"href":"https:\/\/maralboran.eu\/autoproteccion\/wp-json\/wp\/v2\/pages\/445\/revisions\/497"}],"wp:attachment":[{"href":"https:\/\/maralboran.eu\/autoproteccion\/wp-json\/wp\/v2\/media?parent=445"}],"curies":[{"name":"wp","href":"https:\/\/api.w.org\/{rel}","templated":true}]}}

<p><strong>Protección Civil</strong>, en colaboración con el Instituto Nacional de Meteorología, se encarga de informar a los ciudadanos, a través de los medios de comunicación, de aquellos fenómenos meteorológicos que pueden dar lugar a situaciones de riesgo.</p>



<p>Ante estas situaciones, es muy importante permanecer atento a las informaciones oficiales transmitidas a través de las emisoras de radio y de otros medios, y seguir las indicaciones que se den.</p>



<p>En concreto, para la zona que nos ocupa es recomendable seguir el&nbsp;<a href="https://www.facebook.com/PCivilEstepona/" target="_blank" rel="noreferrer noopener">Facebook&nbsp;</a>o&nbsp;<a href="https://twitter.com/PCivilEstepona" target="_blank" rel="noreferrer noopener">Ttwitter&nbsp;</a>de Protección Civil Estepona, donde a través de esta Red Social se informa a la población en general.</p>



<h5 class="wp-block-heading"><strong><mark>RECOMENDACIONES DE PREVENCION Y AUTOPROTECCION ANTE VIENTOS FUERTES</mark></strong></h5>



<p><strong>¿ Qué puedes hacer ante la predicción o presencia de vientos fuertes ?</strong></p>



<p>Es importante informarse de las condiciones meteorológicas previstas y estar atento a las indicaciones que se vayan dando.</p>



<p>Como <strong>medida de precaución</strong> ante vientos de gran intensidad conviene:</p>



<div id="section-g3e8999" class="wp-block-gutentor-e7 section-g3e8999 gutentor-element gutentor-element-list"><ul class="grid-row gutentor-grid-item-wrap list-indicator-icon"><li class="gutentor-list-item grid-lg-12 grid-md-12 grid-12"><span class="gutentor-single-item gutentor-single-item-0"><span class="gutentor-list-item-wrap g-s-list-wrap"><span class="gutentor-single-list-item-icon"><i class="list-item-icon fas fa-arrow-right"></i></span><span class="gutentor-list-item"><p class="gutentor-single-item-title">Cerrar y asegurar puertas, ventanas o toldos.</p></span></span></span></li><li class="gutentor-list-item grid-lg-12 grid-md-12 grid-12"><span class="gutentor-single-item gutentor-single-item-1"><span class="gutentor-list-item-wrap g-s-list-wrap"><span class="gutentor-single-list-item-icon"><i class="list-item-icon fas fa-arrow-right"></i></span><span class="gutentor-list-item"><p class="gutentor-single-item-title">Retirar macetas y todos aquellos objetos que puedan caer a la calle y provocar un accidente.</p></span></span></span></li></ul></div>



<div id="section-g7bbd30" class="wp-block-gutentor-e6 section-g7bbd30 gutentor-element gutentor-element-image"><div class="gutentor-element-image-box"><div class="gutentor-image-thumb"><img decoding="async" class="normal-image" src="https://maralboran.eu/autoproteccion/wp-content/uploads/sites/40/2023/10/IF-AUTOPROTECCION-VIENTOS-FUERTES.png" /></div></div></div>



<p><strong>Si te encuentras en la calle o en el campo</strong></p>



<div id="section-gc5ac78" class="wp-block-gutentor-e7 section-gc5ac78 gutentor-element gutentor-element-list"><ul class="grid-row gutentor-grid-item-wrap list-indicator-icon"><li class="gutentor-list-item grid-lg-12 grid-md-12 grid-12"><span class="gutentor-single-item gutentor-single-item-0"><span class="gutentor-list-item-wrap g-s-list-wrap"><span class="gutentor-single-list-item-icon"><i class="list-item-icon fas fa-arrow-right"></i></span><span class="gutentor-list-item"><p class="gutentor-single-item-title">Es conveniente alejarse de cornisas, muros o árboles, que puedan llegar a desprenderse y tomar precauciones delante de edificaciones en construcción o en mal estado.</p></span></span></span></li><li class="gutentor-list-item grid-lg-12 grid-md-12 grid-12"><span class="gutentor-single-item gutentor-single-item-1"><span class="gutentor-list-item-wrap g-s-list-wrap"><span class="gutentor-single-list-item-icon"><i class="list-item-icon fas fa-arrow-right"></i></span><span class="gutentor-list-item"><p class="gutentor-single-item-title">Abstenerse de subir a andamios, sin las adecuadas medidas de protección.</p></span></span></span></li></ul></div>



<p><strong>Si vas a viajar</strong></p>



<div id="section-ge3075d" class="wp-block-gutentor-e7 section-ge3075d gutentor-element gutentor-element-list"><ul class="grid-row gutentor-grid-item-wrap list-indicator-icon"><li class="gutentor-list-item grid-lg-12 grid-md-12 grid-12"><span class="gutentor-single-item gutentor-single-item-0"><span class="gutentor-list-item-wrap g-s-list-wrap"><span class="gutentor-single-list-item-icon"><i class="list-item-icon fas fa-arrow-right"></i></span><span class="gutentor-list-item"><p class="gutentor-single-item-title">Ante la predicción de vendavales hay que procurar evitar los desplazamientos por carretera y si es necesario hacerlos, extremar las precauciones por la posible presencia de obstáculos en la vía.</p></span></span></span></li><li class="gutentor-list-item grid-lg-12 grid-md-12 grid-12"><span class="gutentor-single-item gutentor-single-item-1"><span class="gutentor-list-item-wrap g-s-list-wrap"><span class="gutentor-single-list-item-icon"><i class="list-item-icon fas fa-arrow-right"></i></span><span class="gutentor-list-item"><p class="gutentor-single-item-title">En todo caso, infórmate de las condiciones meteorológicas de la zona a la que te diriges.</p></span></span></span></li></ul></div>



<div id="section-g60e00c" class="wp-block-gutentor-e6 section-g60e00c gutentor-element gutentor-element-image"><div class="gutentor-element-image-box"><div class="gutentor-image-thumb"><img decoding="async" class="normal-image" src="https://maralboran.eu/autoproteccion/wp-content/uploads/sites/40/2023/10/IF-AUTOPROTECCION-VIENTOS-FUERTES-SI-VIAJAS.png" /></div></div></div>



<p><strong>Si te encuentras en zonas marítimas</strong></p>



<div id="section-g5f5570" class="wp-block-gutentor-e7 section-g5f5570 gutentor-element gutentor-element-list"><ul class="grid-row gutentor-grid-item-wrap list-indicator-icon"><li class="gutentor-list-item grid-lg-12 grid-md-12 grid-12"><span class="gutentor-single-item gutentor-single-item-0"><span class="gutentor-list-item-wrap g-s-list-wrap"><span class="gutentor-single-list-item-icon"><i class="list-item-icon fas fa-arrow-right"></i></span><span class="gutentor-list-item"><p class="gutentor-single-item-title">Hay que procurar alejarse de la playa y de otros lugares bajos que puedan ser afectados por las elevadas mareas y oleajes que suelen generarse ante la intensidad de vientos fuertes.</p></span></span></span></li><li class="gutentor-list-item grid-lg-12 grid-md-12 grid-12"><span class="gutentor-single-item gutentor-single-item-1"><span class="gutentor-list-item-wrap g-s-list-wrap"><span class="gutentor-single-list-item-icon"><i class="list-item-icon fas fa-arrow-right"></i></span><span class="gutentor-list-item"><p class="gutentor-single-item-title">En estas situaciones, el mar adquiere condiciones extraordinarias y puede arrastrarle si se encuentra en la proximidad del mar.</p></span></span></span></li></ul></div>



<div id="section-gaa246d" class="wp-block-gutentor-e6 section-gaa246d gutentor-element gutentor-element-image"><div class="gutentor-element-image-box"><div class="gutentor-image-thumb"><img decoding="async" class="normal-image" src="https://maralboran.eu/autoproteccion/wp-content/uploads/sites/40/2023/10/IF-VIENTOS-FUERTES-ZONAS-MARITIMAS.png" /></div></div></div>

<p>Protección Civil, en colaboración con el Instituto Nacional de Meteorología, se encarga de informar a los ciudadanos, a través de los medios de comunicación, de aquellos fenómenos meteorológicos que pueden dar lugar a situaciones&#46;&#46;&#46;</p>
