{"id":438,"date":"2023-10-10T23:23:26","date_gmt":"2023-10-10T21:23:26","guid":{"rendered":"https:\/\/maralboran.eu\/autoproteccion\/?page_id=438"},"modified":"2023-10-12T14:05:26","modified_gmt":"2023-10-12T12:05:26","slug":"tormentas","status":"publish","type":"page","link":"https:\/\/maralboran.eu\/autoproteccion\/tormentas\/","title":{"rendered":"Tormentas"},"content":{"rendered":"\n<p><strong>Protecci\u00f3n Civil<\/strong>, en colaboraci\u00f3n con el Instituto Nacional de Meteorolog\u00eda, se encarga de informar a los ciudadanos, a trav\u00e9s de los medios de comunicaci\u00f3n, de aquellos fen\u00f3menos meteorol\u00f3gicos que pueden dar lugar a situaciones de riesgo.<\/p>\n\n\n\n<p>Ante estas situaciones, es muy importante permanecer atento a las informaciones oficiales transmitidas a trav\u00e9s de las emisoras de radio y de otros medios, y seguir las indicaciones que se den.<\/p>\n\n\n\n<p>En concreto, para la zona que nos ocupa es recomendable seguir el <a href=\"https:\/\/www.facebook.com\/PCivilEstepona\/\" target=\"_blank\" rel=\"noreferrer noopener\">Facebook <\/a>o <a href=\"https:\/\/twitter.com\/PCivilEstepona\" target=\"_blank\" rel=\"noreferrer noopener\">Ttwitter <\/a>de Protecci\u00f3n Civil Estepona, donde a trav\u00e9s de esta Red Social se informa a la poblaci\u00f3n en general.<\/p>\n\n\n\n<h5 class=\"wp-block-heading\"><strong><mark>TORMENTAS EN EL CAMPO<\/mark><\/strong><\/h5>\n\n\n\n<p>Ante una situaci\u00f3n de riesgo provocada por una tormenta en el campo, es <strong>recomendable<\/strong>:<\/p>\n\n\n\n<div id=\"section-g9fcc69\" class=\"wp-block-gutentor-e7 section-g9fcc69 gutentor-element gutentor-element-list\"><ul class=\"grid-row gutentor-grid-item-wrap list-indicator-icon\"><li class=\"gutentor-list-item grid-lg-12 grid-md-12 grid-12\"><span class=\"gutentor-single-item gutentor-single-item-0\"><span class=\"gutentor-list-item-wrap g-s-list-wrap\"><span class=\"gutentor-single-list-item-icon\"><i class=\"list-item-icon fas fa-arrow-right\"><\/i><\/span><span class=\"gutentor-list-item\"><p class=\"gutentor-single-item-title\">Evitar permanecer en lo alto de las colinas y no refugiarse debajo de \u00e1rboles, sobre todo, si est\u00e1n solitarios.<\/p><\/span><\/span><\/span><\/li><li class=\"gutentor-list-item grid-lg-12 grid-md-12 grid-12\"><span class=\"gutentor-single-item gutentor-single-item-1\"><span class=\"gutentor-list-item-wrap g-s-list-wrap\"><span class=\"gutentor-single-list-item-icon\"><i class=\"list-item-icon fas fa-arrow-right\"><\/i><\/span><span class=\"gutentor-list-item\"><p class=\"gutentor-single-item-title\">Alejarse de alambradas, verjas y otros objetos met\u00e1licos.<\/p><\/span><\/span><\/span><\/li><li class=\"gutentor-list-item grid-lg-12 grid-md-12 grid-12\"><span class=\"gutentor-single-item gutentor-single-item-2\"><span class=\"gutentor-list-item-wrap g-s-list-wrap\"><span class=\"gutentor-single-list-item-icon\"><i class=\"list-item-icon fas fa-arrow-right\"><\/i><\/span><span class=\"gutentor-list-item\"><p class=\"gutentor-single-item-title\">Si vas conduciendo y se te sorprendido por una tormenta, recuerda que un veh\u00edculo cerrado puede ser un buen refugio. En todo caso, disminuye la velocidad, extrema las precauciones y no te detengas en zonas por donde pueda discurrir gran cantidad de agua.<\/p><\/span><\/span><\/span><\/li><\/ul><\/div>\n\n\n\n<h5 class=\"wp-block-heading\"><strong><mark>TORMENTAS EN LA CIUDAD<\/mark><\/strong><\/h5>\n\n\n\n<p>El peligro de las tormentas para las personas se produce, fundamentalmente, en campo abierto. No obstante, dentro de los n\u00facleos urbanos tambi\u00e9n hay peligro de rayos. Por tanto, <strong>conviene tener presente<\/strong> que:<\/p>\n\n\n\n<div id=\"section-g9e378b\" class=\"wp-block-gutentor-e7 section-g9e378b gutentor-element gutentor-element-list\"><ul class=\"grid-row gutentor-grid-item-wrap list-indicator-icon\"><li class=\"gutentor-list-item grid-lg-12 grid-md-12 grid-12\"><span class=\"gutentor-single-item gutentor-single-item-0\"><span class=\"gutentor-list-item-wrap g-s-list-wrap\"><span class=\"gutentor-single-list-item-icon\"><i class=\"list-item-icon fas fa-arrow-right\"><\/i><\/span><span class=\"gutentor-list-item\"><p class=\"gutentor-single-item-title\"><strong>En la calle<\/strong>, el abrigo de los edificios protege del riesgo de las descargas.<\/p><\/span><\/span><\/span><\/li><li class=\"gutentor-list-item grid-lg-12 grid-md-12 grid-12\"><span class=\"gutentor-single-item gutentor-single-item-1\"><span class=\"gutentor-list-item-wrap g-s-list-wrap\"><span class=\"gutentor-single-list-item-icon\"><i class=\"list-item-icon fas fa-arrow-right\"><\/i><\/span><span class=\"gutentor-list-item\"><p class=\"gutentor-single-item-title\"><strong>Dentro de casa<\/strong>, hay que cuidar que no se produzcan corrientes de aire, pues \u00e9stas atraen los rayos. De ah\u00ed la recomendaci\u00f3n de <strong>cerrar puertas y ventanas<\/strong> en caso de tormenta.<\/p><\/span><\/span><\/span><\/li><li class=\"gutentor-list-item grid-lg-12 grid-md-12 grid-12\"><span class=\"gutentor-single-item gutentor-single-item-2\"><span class=\"gutentor-list-item-wrap g-s-list-wrap\"><span class=\"gutentor-single-list-item-icon\"><i class=\"list-item-icon fas fa-arrow-right\"><\/i><\/span><span class=\"gutentor-list-item\"><p class=\"gutentor-single-item-title\">Tambi\u00e9n conviene proteger los electrodom\u00e9sticos, ordenadores, etc. &#8230; desenchuf\u00e1ndolos para evitar que sean da\u00f1ados por una subida de tensi\u00f3n o que ocasionen descargas el\u00e9ctricas.<\/p><\/span><\/span><\/span><\/li><\/ul><\/div>\n\n\n\n<h5 class=\"wp-block-heading\"><strong><mark><strong>TROMBAS DE AGUA<\/strong><\/mark><\/strong><\/h5>\n\n\n\n<p>Si te sorprende una tormenta y empieza a llover de manera torrencial, piensa que el riesgo de inundaci\u00f3n existe y, por tanto, es recomendable tomar <strong>determinadas precauciones<\/strong>.<\/p>\n\n\n\n<div id=\"section-g155d9f\" class=\"wp-block-gutentor-e7 section-g155d9f gutentor-element gutentor-element-list\"><ul class=\"grid-row gutentor-grid-item-wrap list-indicator-icon\"><li class=\"gutentor-list-item grid-lg-12 grid-md-12 grid-12\"><span class=\"gutentor-single-item gutentor-single-item-0\"><span class=\"gutentor-list-item-wrap g-s-list-wrap\"><span class=\"gutentor-single-list-item-icon\"><i class=\"list-item-icon fas fa-arrow-right\"><\/i><\/span><span class=\"gutentor-list-item\"><p class=\"gutentor-single-item-title\">En caso de que el aguacero te sorprenda conduciendo en la carretera, <strong>no atraviese<\/strong>s con tu veh\u00edculo los <strong>tramos<\/strong> que est\u00e9n <strong>inundados<\/strong>. La fuerza del agua puede arrastrarle al hacer flotar el veh\u00edculo.<\/p><\/span><\/span><\/span><\/li><li class=\"gutentor-list-item grid-lg-12 grid-md-12 grid-12\"><span class=\"gutentor-single-item gutentor-single-item-1\"><span class=\"gutentor-list-item-wrap g-s-list-wrap\"><span class=\"gutentor-single-list-item-icon\"><i class=\"list-item-icon fas fa-arrow-right\"><\/i><\/span><span class=\"gutentor-list-item\"><p class=\"gutentor-single-item-title\">Tambi\u00e9n es <strong>importante localizar los puntos m\u00e1s altos<\/strong> de la zona donde te encuentres, ya que puedes necesitar dirigirte a ellos en caso de posible inundaci\u00f3n.<\/p><\/span><\/span><\/span><\/li><li class=\"gutentor-list-item grid-lg-12 grid-md-12 grid-12\"><span class=\"gutentor-single-item gutentor-single-item-2\"><span class=\"gutentor-list-item-wrap g-s-list-wrap\"><span class=\"gutentor-single-list-item-icon\"><i class=\"list-item-icon fas fa-arrow-right\"><\/i><\/span><span class=\"gutentor-list-item\"><p class=\"gutentor-single-item-title\">Si es posible, intenta <strong>sintonizar las emisoras de radio<\/strong> locales, que seguramente te informar\u00e1n de las predicciones meteorol\u00f3gicas para la zona en que te encuentres.<\/p><\/span><\/span><\/span><\/li><\/ul><\/div>\n\n\n\n<h5 class=\"wp-block-heading\"><strong><mark><strong><strong>REC<\/strong><\/strong><\/mark><\/strong><mark><strong><strong><strong>UERD<\/strong><\/strong><\/strong>A<\/mark><\/h5>\n\n\n\n<p>Las medidas de <strong>prevenci\u00f3n<\/strong> ayudan a reducir el da\u00f1o que puede derivarse de los desastres.<\/p>\n\n\n\n<p>En caso de emergencia, conocer algunas pautas de <strong>autoprotecci\u00f3n<\/strong>, ayuda a tomar decisiones que pueden favorecer tanto su seguridad como la de los dem\u00e1s.<\/p>\n\n\n\n<p>  <\/p>\n\n\n\n<div id=\"section-ged5532\" class=\"wp-block-gutentor-e6 section-ged5532 gutentor-element gutentor-element-image\"><div class=\"gutentor-element-image-box\"><div class=\"gutentor-image-thumb\"><img decoding=\"async\" class=\"normal-image\" src=\"https:\/\/maralboran.eu\/autoproteccion\/wp-content\/uploads\/sites\/40\/2023\/10\/IF-LLUVIAS-INTENSAS-EXTERIOR.png\" \/><\/div><\/div><\/div>\n\n\n\n<p>  <\/p>\n\n\n\n<div id=\"section-ga9d5f5\" class=\"wp-block-gutentor-e6 section-ga9d5f5 gutentor-element gutentor-element-image\"><div class=\"gutentor-element-image-box\"><div class=\"gutentor-image-thumb\"><img decoding=\"async\" class=\"normal-image\" src=\"https:\/\/maralboran.eu\/autoproteccion\/wp-content\/uploads\/sites\/40\/2023\/10\/IF-LLUVIAS-INTENSAS-TROMBA.png\" \/><\/div><\/div><\/div>\n\n\n\n<p>  <\/p>\n\n\n\n<div id=\"section-g17e0fe\" class=\"wp-block-gutentor-e6 section-g17e0fe gutentor-element gutentor-element-image\"><div class=\"gutentor-element-image-box\"><div class=\"gutentor-image-thumb\"><img decoding=\"async\" class=\"normal-image\" src=\"https:\/\/maralboran.eu\/autoproteccion\/wp-content\/uploads\/sites\/40\/2023\/10\/IF-LLUVIAS-INTENSAS-VIVIENDA.png\" \/><\/div><\/div><\/div>\n\n\n\n<p>  <\/p>\n\n\n\n<div id=\"section-g1183d0\" class=\"wp-block-gutentor-e6 section-g1183d0 gutentor-element gutentor-element-image\"><div class=\"gutentor-element-image-box\"><div class=\"gutentor-image-thumb\"><img decoding=\"async\" class=\"normal-image\" src=\"https:\/\/maralboran.eu\/autoproteccion\/wp-content\/uploads\/sites\/40\/2023\/10\/RIESGOS_NATURALES_VIVIENDA-_LLUVIASFUERTES.png\" \/><\/div><\/div><\/div>\n\n\n\n<p>  <\/p>\n\n\n\n<figure class=\"wp-block-embed is-type-video is-provider-youtube wp-block-embed-youtube wp-embed-aspect-16-9 wp-has-aspect-ratio\"><div class=\"wp-block-embed__wrapper\">\n<div class=\"video-container\"><iframe loading=\"lazy\" title=\"Medidas de protecci\u00f3n ante Tormentas\" width=\"500\" height=\"281\" src=\"https:\/\/www.youtube.com\/embed\/Pd5gY1QktIs?feature=oembed&#038;wmode=opaque\" frameborder=\"0\" allow=\"accelerometer; autoplay; clipboard-write; encrypted-media; gyroscope; picture-in-picture; web-share\" referrerpolicy=\"strict-origin-when-cross-origin\" allowfullscreen><\/iframe><\/div>\n<\/div><\/figure>\n","protected":false},"excerpt":{"rendered":"<p>Protecci\u00f3n Civil, en colaboraci\u00f3n con el Instituto Nacional de Meteorolog\u00eda, se encarga de informar a los ciudadanos, a trav\u00e9s de los medios de comunicaci\u00f3n, de aquellos fen\u00f3menos meteorol\u00f3gicos que pueden dar lugar a situaciones&#46;&#46;&#46;<\/p>\n","protected":false},"author":21,"featured_media":0,"parent":0,"menu_order":0,"comment_status":"closed","ping_status":"closed","template":"","meta":{"_price":"","_stock":"","_tribe_ticket_header":"","_tribe_default_ticket_provider":"","_tribe_ticket_capacity":"0","_ticket_start_date":"","_ticket_end_date":"","_tribe_ticket_show_description":"","_tribe_ticket_show_not_going":false,"_tribe_ticket_use_global_stock":"","_tribe_ticket_global_stock_level":"","_global_stock_mode":"","_global_stock_cap":"","_tribe_rsvp_for_event":"","_tribe_ticket_going_count":"","_tribe_ticket_not_going_count":"","_tribe_tickets_list":"[]","_tribe_ticket_has_attendee_info_fields":false,"_kadence_starter_templates_imported_post":false,"footnotes":"","_tec_slr_enabled":"","_tec_slr_layout":""},"class_list":["post-438","page","type-page","status-publish","hentry"],"featured_image_src":null,"featured_image_src_square":null,"ticketed":false,"_links":{"self":[{"href":"https:\/\/maralboran.eu\/autoproteccion\/wp-json\/wp\/v2\/pages\/438","targetHints":{"allow":["GET"]}}],"collection":[{"href":"https:\/\/maralboran.eu\/autoproteccion\/wp-json\/wp\/v2\/pages"}],"about":[{"href":"https:\/\/maralboran.eu\/autoproteccion\/wp-json\/wp\/v2\/types\/page"}],"author":[{"embeddable":true,"href":"https:\/\/maralboran.eu\/autoproteccion\/wp-json\/wp\/v2\/users\/21"}],"replies":[{"embeddable":true,"href":"https:\/\/maralboran.eu\/autoproteccion\/wp-json\/wp\/v2\/comments?post=438"}],"version-history":[{"count":5,"href":"https:\/\/maralboran.eu\/autoproteccion\/wp-json\/wp\/v2\/pages\/438\/revisions"}],"predecessor-version":[{"id":492,"href":"https:\/\/maralboran.eu\/autoproteccion\/wp-json\/wp\/v2\/pages\/438\/revisions\/492"}],"wp:attachment":[{"href":"https:\/\/maralboran.eu\/autoproteccion\/wp-json\/wp\/v2\/media?parent=438"}],"curies":[{"name":"wp","href":"https:\/\/api.w.org\/{rel}","templated":true}]}}

<p><strong>Protección Civil</strong>, en colaboración con el Instituto Nacional de Meteorología, se encarga de informar a los ciudadanos, a través de los medios de comunicación, de aquellos fenómenos meteorológicos que pueden dar lugar a situaciones de riesgo.</p>



<p>Ante estas situaciones, es muy importante permanecer atento a las informaciones oficiales transmitidas a través de las emisoras de radio y de otros medios, y seguir las indicaciones que se den.</p>



<p>En concreto, para la zona que nos ocupa es recomendable seguir el <a href="https://www.facebook.com/PCivilEstepona/" target="_blank" rel="noreferrer noopener">Facebook </a>o <a href="https://twitter.com/PCivilEstepona" target="_blank" rel="noreferrer noopener">Ttwitter </a>de Protección Civil Estepona, donde a través de esta Red Social se informa a la población en general.</p>



<h5 class="wp-block-heading"><strong><mark>TORMENTAS EN EL CAMPO</mark></strong></h5>



<p>Ante una situación de riesgo provocada por una tormenta en el campo, es <strong>recomendable</strong>:</p>



<div id="section-g9fcc69" class="wp-block-gutentor-e7 section-g9fcc69 gutentor-element gutentor-element-list"><ul class="grid-row gutentor-grid-item-wrap list-indicator-icon"><li class="gutentor-list-item grid-lg-12 grid-md-12 grid-12"><span class="gutentor-single-item gutentor-single-item-0"><span class="gutentor-list-item-wrap g-s-list-wrap"><span class="gutentor-single-list-item-icon"><i class="list-item-icon fas fa-arrow-right"></i></span><span class="gutentor-list-item"><p class="gutentor-single-item-title">Evitar permanecer en lo alto de las colinas y no refugiarse debajo de árboles, sobre todo, si están solitarios.</p></span></span></span></li><li class="gutentor-list-item grid-lg-12 grid-md-12 grid-12"><span class="gutentor-single-item gutentor-single-item-1"><span class="gutentor-list-item-wrap g-s-list-wrap"><span class="gutentor-single-list-item-icon"><i class="list-item-icon fas fa-arrow-right"></i></span><span class="gutentor-list-item"><p class="gutentor-single-item-title">Alejarse de alambradas, verjas y otros objetos metálicos.</p></span></span></span></li><li class="gutentor-list-item grid-lg-12 grid-md-12 grid-12"><span class="gutentor-single-item gutentor-single-item-2"><span class="gutentor-list-item-wrap g-s-list-wrap"><span class="gutentor-single-list-item-icon"><i class="list-item-icon fas fa-arrow-right"></i></span><span class="gutentor-list-item"><p class="gutentor-single-item-title">Si vas conduciendo y se te sorprendido por una tormenta, recuerda que un vehículo cerrado puede ser un buen refugio. En todo caso, disminuye la velocidad, extrema las precauciones y no te detengas en zonas por donde pueda discurrir gran cantidad de agua.</p></span></span></span></li></ul></div>



<h5 class="wp-block-heading"><strong><mark>TORMENTAS EN LA CIUDAD</mark></strong></h5>



<p>El peligro de las tormentas para las personas se produce, fundamentalmente, en campo abierto. No obstante, dentro de los núcleos urbanos también hay peligro de rayos. Por tanto, <strong>conviene tener presente</strong> que:</p>



<div id="section-g9e378b" class="wp-block-gutentor-e7 section-g9e378b gutentor-element gutentor-element-list"><ul class="grid-row gutentor-grid-item-wrap list-indicator-icon"><li class="gutentor-list-item grid-lg-12 grid-md-12 grid-12"><span class="gutentor-single-item gutentor-single-item-0"><span class="gutentor-list-item-wrap g-s-list-wrap"><span class="gutentor-single-list-item-icon"><i class="list-item-icon fas fa-arrow-right"></i></span><span class="gutentor-list-item"><p class="gutentor-single-item-title"><strong>En la calle</strong>, el abrigo de los edificios protege del riesgo de las descargas.</p></span></span></span></li><li class="gutentor-list-item grid-lg-12 grid-md-12 grid-12"><span class="gutentor-single-item gutentor-single-item-1"><span class="gutentor-list-item-wrap g-s-list-wrap"><span class="gutentor-single-list-item-icon"><i class="list-item-icon fas fa-arrow-right"></i></span><span class="gutentor-list-item"><p class="gutentor-single-item-title"><strong>Dentro de casa</strong>, hay que cuidar que no se produzcan corrientes de aire, pues éstas atraen los rayos. De ahí la recomendación de <strong>cerrar puertas y ventanas</strong> en caso de tormenta.</p></span></span></span></li><li class="gutentor-list-item grid-lg-12 grid-md-12 grid-12"><span class="gutentor-single-item gutentor-single-item-2"><span class="gutentor-list-item-wrap g-s-list-wrap"><span class="gutentor-single-list-item-icon"><i class="list-item-icon fas fa-arrow-right"></i></span><span class="gutentor-list-item"><p class="gutentor-single-item-title">También conviene proteger los electrodomésticos, ordenadores, etc. &#8230; desenchufándolos para evitar que sean dañados por una subida de tensión o que ocasionen descargas eléctricas.</p></span></span></span></li></ul></div>



<h5 class="wp-block-heading"><strong><mark><strong>TROMBAS DE AGUA</strong></mark></strong></h5>



<p>Si te sorprende una tormenta y empieza a llover de manera torrencial, piensa que el riesgo de inundación existe y, por tanto, es recomendable tomar <strong>determinadas precauciones</strong>.</p>



<div id="section-g155d9f" class="wp-block-gutentor-e7 section-g155d9f gutentor-element gutentor-element-list"><ul class="grid-row gutentor-grid-item-wrap list-indicator-icon"><li class="gutentor-list-item grid-lg-12 grid-md-12 grid-12"><span class="gutentor-single-item gutentor-single-item-0"><span class="gutentor-list-item-wrap g-s-list-wrap"><span class="gutentor-single-list-item-icon"><i class="list-item-icon fas fa-arrow-right"></i></span><span class="gutentor-list-item"><p class="gutentor-single-item-title">En caso de que el aguacero te sorprenda conduciendo en la carretera, <strong>no atraviese</strong>s con tu vehículo los <strong>tramos</strong> que estén <strong>inundados</strong>. La fuerza del agua puede arrastrarle al hacer flotar el vehículo.</p></span></span></span></li><li class="gutentor-list-item grid-lg-12 grid-md-12 grid-12"><span class="gutentor-single-item gutentor-single-item-1"><span class="gutentor-list-item-wrap g-s-list-wrap"><span class="gutentor-single-list-item-icon"><i class="list-item-icon fas fa-arrow-right"></i></span><span class="gutentor-list-item"><p class="gutentor-single-item-title">También es <strong>importante localizar los puntos más altos</strong> de la zona donde te encuentres, ya que puedes necesitar dirigirte a ellos en caso de posible inundación.</p></span></span></span></li><li class="gutentor-list-item grid-lg-12 grid-md-12 grid-12"><span class="gutentor-single-item gutentor-single-item-2"><span class="gutentor-list-item-wrap g-s-list-wrap"><span class="gutentor-single-list-item-icon"><i class="list-item-icon fas fa-arrow-right"></i></span><span class="gutentor-list-item"><p class="gutentor-single-item-title">Si es posible, intenta <strong>sintonizar las emisoras de radio</strong> locales, que seguramente te informarán de las predicciones meteorológicas para la zona en que te encuentres.</p></span></span></span></li></ul></div>



<h5 class="wp-block-heading"><strong><mark><strong><strong>REC</strong></strong></mark></strong><mark><strong><strong><strong>UERD</strong></strong></strong>A</mark></h5>



<p>Las medidas de <strong>prevención</strong> ayudan a reducir el daño que puede derivarse de los desastres.</p>



<p>En caso de emergencia, conocer algunas pautas de <strong>autoprotección</strong>, ayuda a tomar decisiones que pueden favorecer tanto su seguridad como la de los demás.</p>



<p>  </p>



<div id="section-ged5532" class="wp-block-gutentor-e6 section-ged5532 gutentor-element gutentor-element-image"><div class="gutentor-element-image-box"><div class="gutentor-image-thumb"><img decoding="async" class="normal-image" src="https://maralboran.eu/autoproteccion/wp-content/uploads/sites/40/2023/10/IF-LLUVIAS-INTENSAS-EXTERIOR.png" /></div></div></div>



<p>  </p>



<div id="section-ga9d5f5" class="wp-block-gutentor-e6 section-ga9d5f5 gutentor-element gutentor-element-image"><div class="gutentor-element-image-box"><div class="gutentor-image-thumb"><img decoding="async" class="normal-image" src="https://maralboran.eu/autoproteccion/wp-content/uploads/sites/40/2023/10/IF-LLUVIAS-INTENSAS-TROMBA.png" /></div></div></div>



<p>  </p>



<div id="section-g17e0fe" class="wp-block-gutentor-e6 section-g17e0fe gutentor-element gutentor-element-image"><div class="gutentor-element-image-box"><div class="gutentor-image-thumb"><img decoding="async" class="normal-image" src="https://maralboran.eu/autoproteccion/wp-content/uploads/sites/40/2023/10/IF-LLUVIAS-INTENSAS-VIVIENDA.png" /></div></div></div>



<p>  </p>



<div id="section-g1183d0" class="wp-block-gutentor-e6 section-g1183d0 gutentor-element gutentor-element-image"><div class="gutentor-element-image-box"><div class="gutentor-image-thumb"><img decoding="async" class="normal-image" src="https://maralboran.eu/autoproteccion/wp-content/uploads/sites/40/2023/10/RIESGOS_NATURALES_VIVIENDA-_LLUVIASFUERTES.png" /></div></div></div>



<p>  </p>



<figure class="wp-block-embed is-type-video is-provider-youtube wp-block-embed-youtube wp-embed-aspect-16-9 wp-has-aspect-ratio"><div class="wp-block-embed__wrapper">
<div class="video-container"><iframe loading="lazy" title="Medidas de protección ante Tormentas" width="500" height="281" src="https://www.youtube.com/embed/Pd5gY1QktIs?feature=oembed&#038;wmode=opaque" frameborder="0" allow="accelerometer; autoplay; clipboard-write; encrypted-media; gyroscope; picture-in-picture; web-share" referrerpolicy="strict-origin-when-cross-origin" allowfullscreen></iframe></div>
</div></figure>

<p>Protección Civil, en colaboración con el Instituto Nacional de Meteorología, se encarga de informar a los ciudadanos, a través de los medios de comunicación, de aquellos fenómenos meteorológicos que pueden dar lugar a situaciones&#46;&#46;&#46;</p>
