{"id":418,"date":"2023-10-10T22:18:15","date_gmt":"2023-10-10T20:18:15","guid":{"rendered":"https:\/\/maralboran.eu\/autoproteccion\/?page_id=418"},"modified":"2023-10-10T23:28:36","modified_gmt":"2023-10-10T21:28:36","slug":"autoproteccion-y-prevencion","status":"publish","type":"page","link":"https:\/\/maralboran.eu\/autoproteccion\/autoproteccion-y-prevencion\/","title":{"rendered":"Autoprotecci\u00f3n y Prevenci\u00f3n"},"content":{"rendered":"\n<h5 class=\"wp-block-heading\"><strong><mark>QUE ES LA PROTECCION CIVIL<\/mark><\/strong><\/h5>\n\n\n\n<p><strong>La Protecci\u00f3n Civil es<\/strong><\/p>\n\n\n\n<div id=\"section-g5b1d74\" class=\"wp-block-gutentor-e7 section-g5b1d74 gutentor-element gutentor-element-list\"><ul class=\"grid-row gutentor-grid-item-wrap list-indicator-icon\"><li class=\"gutentor-list-item grid-lg-12 grid-md-12 grid-12\"><span class=\"gutentor-single-item gutentor-single-item-0\"><span class=\"gutentor-list-item-wrap g-s-list-wrap\"><span class=\"gutentor-single-list-item-icon\"><i class=\"list-item-icon fas fa-arrow-right\"><\/i><\/span><span class=\"gutentor-list-item\"><p class=\"gutentor-single-item-title\">Un <strong>servicio p\u00fablico<\/strong> orientado al estudio y prevenci\u00f3n de las situaciones de grave riesgo colectivo, cat\u00e1strofe o calamidad p\u00fablica y a la protecci\u00f3n y socorro de personas y bienes en los casos en que dichas situaciones se produzcan.<\/p><\/span><\/span><\/span><\/li><li class=\"gutentor-list-item grid-lg-12 grid-md-12 grid-12\"><span class=\"gutentor-single-item gutentor-single-item-1\"><span class=\"gutentor-list-item-wrap g-s-list-wrap\"><span class=\"gutentor-single-list-item-icon\"><i class=\"list-item-icon fas fa-arrow-right\"><\/i><\/span><span class=\"gutentor-list-item\"><p class=\"gutentor-single-item-title\">Un <strong>sistema<\/strong> que, entre otros objetivos, tiene el de lograr que los <strong>ciudadanos<\/strong>, adem\u00e1s de la ayuda que le ofrecen los servicios p\u00fablicos, est\u00e9n <strong>preparados para alcanzar por s\u00ed mismos su propia protecci\u00f3n.<\/strong><\/p><\/span><\/span><\/span><\/li><\/ul><\/div>\n\n\n\n<p>De ah\u00ed la importancia de que se conozcan y adopten <strong>medidas de AUTOPROTECCI\u00f3N<\/strong><\/p>\n\n\n\n<h5 class=\"wp-block-heading\"><strong><mark>ALGUNAS PAUTAS DE AUTOPROTECCION QUE SIEMPRE CONVIENE RECORDAR ANTE UNA SITUACION DE EMERGENCIA<\/mark><\/strong><\/h5>\n\n\n\n<p><strong>\u00bfQu\u00e9 puedes hacer ante una situaci\u00f3n de emergencia?<\/strong>.<\/p>\n\n\n\n<p>En t\u00e9rminos generales, es natural que ante una situaci\u00f3n de riesgo o emergencia, puedas tener una sensaci\u00f3n de miedo o inseguridad. Por eso, antes que nada, <strong>detente unos instantes para recuperar la calma<\/strong> necesaria que te permita adoptar las decisiones m\u00e1s aconsejables y oportunas.<\/p>\n\n\n\n<p><strong>La serenidad y la reflexi\u00f3n<\/strong> son los mejores aliados para afrontar una situaci\u00f3n que entra\u00f1e alg\u00fan tipo de amenaza o peligro. Adem\u00e1s, la tranquilidad de su comportamiento favorecer\u00e1 la seguridad de las personas que est\u00e9n a su alrededor.<\/p>\n\n\n\n<p>La <strong>utilizaci\u00f3n simult\u00e1nea<\/strong> y de forma masiva <strong>del tel\u00e9fono, produce el bloqueo<\/strong> de las l\u00edneas. En estos casos, usted puedes colaborar usando su tel\u00e9fono \u00fanicamente en caso de extrema necesidad.<\/p>\n\n\n\n<h5 class=\"wp-block-heading\"><strong><mark><strong>ALGUNAS MEDIDAS DE PREVENCION<\/strong><\/mark><\/strong><\/h5>\n\n\n\n<p>Como medida preventiva siempre <strong>te ser\u00e1 \u00fatil y te facilitar\u00e1 los primeros momentos de una emergencia:<\/strong><\/p>\n\n\n\n<div id=\"section-gf2a009\" class=\"wp-block-gutentor-e7 section-gf2a009 gutentor-element gutentor-element-list\"><ul class=\"grid-row gutentor-grid-item-wrap list-indicator-icon\"><li class=\"gutentor-list-item grid-lg-12 grid-md-12 grid-12\"><span class=\"gutentor-single-item gutentor-single-item-0\"><span class=\"gutentor-list-item-wrap g-s-list-wrap\"><span class=\"gutentor-single-list-item-icon\"><i class=\"list-item-icon fas fa-arrow-right\"><\/i><\/span><span class=\"gutentor-list-item\"><p class=\"gutentor-single-item-title\">Disponer de una radio, una linterna a pilas y un botiqu\u00edn.<\/p><\/span><\/span><\/span><\/li><li class=\"gutentor-list-item grid-lg-12 grid-md-12 grid-12\"><span class=\"gutentor-single-item gutentor-single-item-1\"><span class=\"gutentor-list-item-wrap g-s-list-wrap\"><span class=\"gutentor-single-list-item-icon\"><i class=\"list-item-icon fas fa-arrow-right\"><\/i><\/span><span class=\"gutentor-list-item\"><p class=\"gutentor-single-item-title\">Tener localizados los documentos m\u00e1s relevantes.<\/p><\/span><\/span><\/span><\/li><li class=\"gutentor-list-item grid-lg-12 grid-md-12 grid-12\"><span class=\"gutentor-single-item gutentor-single-item-2\"><span class=\"gutentor-list-item-wrap g-s-list-wrap\"><span class=\"gutentor-single-list-item-icon\"><i class=\"list-item-icon fas fa-arrow-right\"><\/i><\/span><span class=\"gutentor-list-item\"><p class=\"gutentor-single-item-title\">Tener a mano los n\u00fameros de tel\u00e9fono de la Polic\u00eda, Bomberos, Servicios M\u00e9dicos o Protecci\u00f3n Civil. Algunas Comunidades Aut\u00f3nomas disponen del n\u00famero de emergencias 112.<\/p><\/span><\/span><\/span><\/li><li class=\"gutentor-list-item grid-lg-12 grid-md-12 grid-12\"><span class=\"gutentor-single-item gutentor-single-item-3\"><span class=\"gutentor-list-item-wrap g-s-list-wrap\"><span class=\"gutentor-single-list-item-icon\"><i class=\"list-item-icon fas fa-arrow-right\"><\/i><\/span><span class=\"gutentor-list-item\"><p class=\"gutentor-single-item-title\">Recordar que propagar rumores e informaciones exageradas, incompletas o deformadas, no s\u00f3lo no ayuda, sino que puede confundir y alarmar a otros posibles afectados y perjudicar la eficaz soluci\u00f3n de la emergencia.<\/p><\/span><\/span><\/span><\/li><\/ul><\/div>\n\n\n\n<h5 class=\"wp-block-heading\"><strong><mark>RECUE<\/mark><\/strong><mark><strong>RD<\/strong>A<\/mark><\/h5>\n\n\n\n<p>Las medidas de <strong>prevenci\u00f3n<\/strong> ayudan a reducir el da\u00f1o que puede derivarse de los desastres.<\/p>\n\n\n\n<p>En caso de emergencia, conocer algunas pautas de <strong>autoprotecci\u00f3n<\/strong>, ayuda a tomar decisiones que pueden favorecer tanto tu seguridad como la de los dem\u00e1s.<\/p>\n","protected":false},"excerpt":{"rendered":"<p>QUE ES LA PROTECCION CIVIL La Protecci\u00f3n Civil es De ah\u00ed la importancia de que se conozcan y adopten medidas de AUTOPROTECCI\u00f3N ALGUNAS PAUTAS DE AUTOPROTECCION QUE SIEMPRE CONVIENE RECORDAR ANTE UNA SITUACION DE&#46;&#46;&#46;<\/p>\n","protected":false},"author":21,"featured_media":0,"parent":0,"menu_order":0,"comment_status":"closed","ping_status":"closed","template":"","meta":{"_price":"","_stock":"","_tribe_ticket_header":"","_tribe_default_ticket_provider":"","_tribe_ticket_capacity":"0","_ticket_start_date":"","_ticket_end_date":"","_tribe_ticket_show_description":"","_tribe_ticket_show_not_going":false,"_tribe_ticket_use_global_stock":"","_tribe_ticket_global_stock_level":"","_global_stock_mode":"","_global_stock_cap":"","_tribe_rsvp_for_event":"","_tribe_ticket_going_count":"","_tribe_ticket_not_going_count":"","_tribe_tickets_list":"[]","_tribe_ticket_has_attendee_info_fields":false,"_kadence_starter_templates_imported_post":false,"footnotes":"","_tec_slr_enabled":"","_tec_slr_layout":""},"class_list":["post-418","page","type-page","status-publish","hentry"],"featured_image_src":null,"featured_image_src_square":null,"ticketed":false,"_links":{"self":[{"href":"https:\/\/maralboran.eu\/autoproteccion\/wp-json\/wp\/v2\/pages\/418","targetHints":{"allow":["GET"]}}],"collection":[{"href":"https:\/\/maralboran.eu\/autoproteccion\/wp-json\/wp\/v2\/pages"}],"about":[{"href":"https:\/\/maralboran.eu\/autoproteccion\/wp-json\/wp\/v2\/types\/page"}],"author":[{"embeddable":true,"href":"https:\/\/maralboran.eu\/autoproteccion\/wp-json\/wp\/v2\/users\/21"}],"replies":[{"embeddable":true,"href":"https:\/\/maralboran.eu\/autoproteccion\/wp-json\/wp\/v2\/comments?post=418"}],"version-history":[{"count":14,"href":"https:\/\/maralboran.eu\/autoproteccion\/wp-json\/wp\/v2\/pages\/418\/revisions"}],"predecessor-version":[{"id":442,"href":"https:\/\/maralboran.eu\/autoproteccion\/wp-json\/wp\/v2\/pages\/418\/revisions\/442"}],"wp:attachment":[{"href":"https:\/\/maralboran.eu\/autoproteccion\/wp-json\/wp\/v2\/media?parent=418"}],"curies":[{"name":"wp","href":"https:\/\/api.w.org\/{rel}","templated":true}]}}

Autoprotección y Prevención

<h5 class="wp-block-heading"><strong><mark>QUE ES LA PROTECCION CIVIL</mark></strong></h5>



<p><strong>La Protección Civil es</strong></p>



<div id="section-g5b1d74" class="wp-block-gutentor-e7 section-g5b1d74 gutentor-element gutentor-element-list"><ul class="grid-row gutentor-grid-item-wrap list-indicator-icon"><li class="gutentor-list-item grid-lg-12 grid-md-12 grid-12"><span class="gutentor-single-item gutentor-single-item-0"><span class="gutentor-list-item-wrap g-s-list-wrap"><span class="gutentor-single-list-item-icon"><i class="list-item-icon fas fa-arrow-right"></i></span><span class="gutentor-list-item"><p class="gutentor-single-item-title">Un <strong>servicio público</strong> orientado al estudio y prevención de las situaciones de grave riesgo colectivo, catástrofe o calamidad pública y a la protección y socorro de personas y bienes en los casos en que dichas situaciones se produzcan.</p></span></span></span></li><li class="gutentor-list-item grid-lg-12 grid-md-12 grid-12"><span class="gutentor-single-item gutentor-single-item-1"><span class="gutentor-list-item-wrap g-s-list-wrap"><span class="gutentor-single-list-item-icon"><i class="list-item-icon fas fa-arrow-right"></i></span><span class="gutentor-list-item"><p class="gutentor-single-item-title">Un <strong>sistema</strong> que, entre otros objetivos, tiene el de lograr que los <strong>ciudadanos</strong>, además de la ayuda que le ofrecen los servicios públicos, estén <strong>preparados para alcanzar por sí mismos su propia protección.</strong></p></span></span></span></li></ul></div>



<p>De ahí la importancia de que se conozcan y adopten <strong>medidas de AUTOPROTECCIóN</strong></p>



<h5 class="wp-block-heading"><strong><mark>ALGUNAS PAUTAS DE AUTOPROTECCION QUE SIEMPRE CONVIENE RECORDAR ANTE UNA SITUACION DE EMERGENCIA</mark></strong></h5>



<p><strong>¿Qué puedes hacer ante una situación de emergencia?</strong>.</p>



<p>En términos generales, es natural que ante una situación de riesgo o emergencia, puedas tener una sensación de miedo o inseguridad. Por eso, antes que nada, <strong>detente unos instantes para recuperar la calma</strong> necesaria que te permita adoptar las decisiones más aconsejables y oportunas.</p>



<p><strong>La serenidad y la reflexión</strong> son los mejores aliados para afrontar una situación que entrañe algún tipo de amenaza o peligro. Además, la tranquilidad de su comportamiento favorecerá la seguridad de las personas que estén a su alrededor.</p>



<p>La <strong>utilización simultánea</strong> y de forma masiva <strong>del teléfono, produce el bloqueo</strong> de las líneas. En estos casos, usted puedes colaborar usando su teléfono únicamente en caso de extrema necesidad.</p>



<h5 class="wp-block-heading"><strong><mark><strong>ALGUNAS MEDIDAS DE PREVENCION</strong></mark></strong></h5>



<p>Como medida preventiva siempre <strong>te será útil y te facilitará los primeros momentos de una emergencia:</strong></p>



<div id="section-gf2a009" class="wp-block-gutentor-e7 section-gf2a009 gutentor-element gutentor-element-list"><ul class="grid-row gutentor-grid-item-wrap list-indicator-icon"><li class="gutentor-list-item grid-lg-12 grid-md-12 grid-12"><span class="gutentor-single-item gutentor-single-item-0"><span class="gutentor-list-item-wrap g-s-list-wrap"><span class="gutentor-single-list-item-icon"><i class="list-item-icon fas fa-arrow-right"></i></span><span class="gutentor-list-item"><p class="gutentor-single-item-title">Disponer de una radio, una linterna a pilas y un botiquín.</p></span></span></span></li><li class="gutentor-list-item grid-lg-12 grid-md-12 grid-12"><span class="gutentor-single-item gutentor-single-item-1"><span class="gutentor-list-item-wrap g-s-list-wrap"><span class="gutentor-single-list-item-icon"><i class="list-item-icon fas fa-arrow-right"></i></span><span class="gutentor-list-item"><p class="gutentor-single-item-title">Tener localizados los documentos más relevantes.</p></span></span></span></li><li class="gutentor-list-item grid-lg-12 grid-md-12 grid-12"><span class="gutentor-single-item gutentor-single-item-2"><span class="gutentor-list-item-wrap g-s-list-wrap"><span class="gutentor-single-list-item-icon"><i class="list-item-icon fas fa-arrow-right"></i></span><span class="gutentor-list-item"><p class="gutentor-single-item-title">Tener a mano los números de teléfono de la Policía, Bomberos, Servicios Médicos o Protección Civil. Algunas Comunidades Autónomas disponen del número de emergencias 112.</p></span></span></span></li><li class="gutentor-list-item grid-lg-12 grid-md-12 grid-12"><span class="gutentor-single-item gutentor-single-item-3"><span class="gutentor-list-item-wrap g-s-list-wrap"><span class="gutentor-single-list-item-icon"><i class="list-item-icon fas fa-arrow-right"></i></span><span class="gutentor-list-item"><p class="gutentor-single-item-title">Recordar que propagar rumores e informaciones exageradas, incompletas o deformadas, no sólo no ayuda, sino que puede confundir y alarmar a otros posibles afectados y perjudicar la eficaz solución de la emergencia.</p></span></span></span></li></ul></div>



<h5 class="wp-block-heading"><strong><mark>RECUE</mark></strong><mark><strong>RD</strong>A</mark></h5>



<p>Las medidas de <strong>prevención</strong> ayudan a reducir el daño que puede derivarse de los desastres.</p>



<p>En caso de emergencia, conocer algunas pautas de <strong>autoprotección</strong>, ayuda a tomar decisiones que pueden favorecer tanto tu seguridad como la de los demás.</p>

<p>QUE ES LA PROTECCION CIVIL La Protección Civil es De ahí la importancia de que se conozcan y adopten medidas de AUTOPROTECCIóN ALGUNAS PAUTAS DE AUTOPROTECCION QUE SIEMPRE CONVIENE RECORDAR ANTE UNA SITUACION DE&#46;&#46;&#46;</p>
